Last updated on 2024-07-18 09:52:28 CEST.
Flavor | Version | Tinstall | Tcheck | Ttotal | Status | Flags |
---|---|---|---|---|---|---|
r-devel-linux-x86_64-debian-clang | 0.7 | 8.90 | 183.36 | 192.26 | OK | |
r-devel-linux-x86_64-debian-gcc | 0.7 | 5.82 | 135.41 | 141.23 | OK | |
r-devel-linux-x86_64-fedora-clang | 0.7 | 237.09 | NOTE | |||
r-devel-linux-x86_64-fedora-gcc | 0.7 | 244.62 | OK | |||
r-devel-windows-x86_64 | 0.7 | 9.00 | 132.00 | 141.00 | NOTE | |
r-patched-linux-x86_64 | 0.7 | 7.24 | 171.52 | 178.76 | OK | |
r-release-linux-x86_64 | 0.7 | 5.12 | 175.42 | 180.54 | OK | |
r-release-macos-arm64 | 0.7 | 65.00 | NOTE | |||
r-release-macos-x86_64 | 0.7 | 100.00 | NOTE | |||
r-release-windows-x86_64 | 0.7 | 9.00 | 129.00 | 138.00 | NOTE | |
r-oldrel-macos-arm64 | 0.7 | 73.00 | NOTE | |||
r-oldrel-macos-x86_64 | 0.7 | 145.00 | NOTE | |||
r-oldrel-windows-x86_64 | 0.7 | 10.00 | 157.00 | 167.00 | NOTE |
Version: 0.7
Check: installed package size
Result: NOTE
installed size is 8.5Mb
sub-directories of 1Mb or more:
doc 7.4Mb
Flavors: r-devel-linux-x86_64-fedora-clang, r-devel-windows-x86_64, r-release-macos-arm64, r-release-macos-x86_64, r-release-windows-x86_64, r-oldrel-macos-arm64, r-oldrel-macos-x86_64, r-oldrel-windows-x86_64