Last updated on 2024-07-18 09:52:28 CEST.
Flavor | Version | Tinstall | Tcheck | Ttotal | Status | Flags |
---|---|---|---|---|---|---|
r-devel-linux-x86_64-debian-clang | 1.3.1 | 1.75 | 29.05 | 30.80 | NOTE | |
r-devel-linux-x86_64-debian-gcc | 1.3.1 | 1.72 | 21.77 | 23.49 | NOTE | |
r-devel-linux-x86_64-fedora-clang | 1.3.1 | 40.89 | NOTE | |||
r-devel-linux-x86_64-fedora-gcc | 1.3.1 | 51.98 | NOTE | |||
r-devel-windows-x86_64 | 1.3.1 | 4.00 | 44.00 | 48.00 | NOTE | |
r-patched-linux-x86_64 | 1.3.1 | 2.20 | 27.38 | 29.58 | NOTE | |
r-release-linux-x86_64 | 1.3.1 | 2.23 | 26.96 | 29.19 | NOTE | |
r-release-macos-arm64 | 1.3.1 | 21.00 | NOTE | |||
r-release-macos-x86_64 | 1.3.1 | 35.00 | NOTE | |||
r-release-windows-x86_64 | 1.3.1 | 2.00 | 43.00 | 45.00 | NOTE | |
r-oldrel-macos-arm64 | 1.3.1 | 23.00 | NOTE | |||
r-oldrel-macos-x86_64 | 1.3.1 | 31.00 | NOTE | |||
r-oldrel-windows-x86_64 | 1.3.1 | 3.00 | 46.00 | 49.00 | NOTE |
Version: 1.3.1
Check: LazyData
Result: NOTE
'LazyData' is specified without a 'data' directory
Flavors: r-devel-linux-x86_64-debian-clang, r-devel-linux-x86_64-debian-gcc, r-devel-linux-x86_64-fedora-clang, r-devel-linux-x86_64-fedora-gcc, r-devel-windows-x86_64, r-patched-linux-x86_64, r-release-linux-x86_64, r-release-macos-arm64, r-release-macos-x86_64, r-release-windows-x86_64, r-oldrel-macos-arm64, r-oldrel-macos-x86_64, r-oldrel-windows-x86_64