Last updated on 2024-07-18 09:52:28 CEST.
Flavor | Version | Tinstall | Tcheck | Ttotal | Status | Flags |
---|---|---|---|---|---|---|
r-devel-linux-x86_64-debian-clang | 0.3.0 | 26.67 | 189.83 | 216.50 | OK | |
r-devel-linux-x86_64-debian-gcc | 0.3.0 | 22.23 | 142.94 | 165.17 | OK | |
r-devel-linux-x86_64-fedora-clang | 0.3.0 | 299.63 | OK | |||
r-devel-linux-x86_64-fedora-gcc | 0.3.0 | 256.03 | OK | |||
r-devel-windows-x86_64 | 0.3.0 | 26.00 | 139.00 | 165.00 | NOTE | |
r-patched-linux-x86_64 | 0.3.0 | 34.50 | 182.92 | 217.42 | OK | |
r-release-linux-x86_64 | 0.3.0 | 26.08 | 182.06 | 208.14 | OK | |
r-release-macos-arm64 | 0.3.0 | 73.00 | OK | |||
r-release-macos-x86_64 | 0.3.0 | 107.00 | OK | |||
r-release-windows-x86_64 | 0.3.0 | 23.00 | 140.00 | 163.00 | OK | |
r-oldrel-macos-arm64 | 0.3.0 | 96.00 | OK | |||
r-oldrel-macos-x86_64 | 0.3.0 | 144.00 | OK | |||
r-oldrel-windows-x86_64 | 0.3.0 | 32.00 | 173.00 | 205.00 | OK |
Version: 0.3.0
Check: Rd cross-references
Result: NOTE
Found the following Rd file(s) with Rd \link{} targets missing package
anchors:
betaturn.Rd: microtable, trans_beta
taxaturn.Rd: microtable
Please provide package anchors for all Rd \link{} targets not in the
package itself and the base packages.
Flavor: r-devel-windows-x86_64