Last updated on 2024-07-18 09:52:28 CEST.
Flavor | Version | Tinstall | Tcheck | Ttotal | Status | Flags |
---|---|---|---|---|---|---|
r-devel-linux-x86_64-debian-clang | 2.4.3 | 72.91 | 515.02 | 587.93 | OK | |
r-devel-linux-x86_64-debian-gcc | 2.4.3 | 52.81 | 373.51 | 426.32 | OK | |
r-devel-linux-x86_64-fedora-clang | 2.4.3 | 736.23 | NOTE | |||
r-devel-linux-x86_64-fedora-gcc | 2.4.3 | 693.49 | NOTE | |||
r-devel-windows-x86_64 | 2.4.3 | 55.00 | 335.00 | 390.00 | NOTE | |
r-patched-linux-x86_64 | 2.4.3 | 58.97 | 494.01 | 552.98 | OK | |
r-release-linux-x86_64 | 2.4.3 | 59.43 | 489.55 | 548.98 | OK | |
r-release-macos-arm64 | 2.4.3 | 173.00 | OK | |||
r-release-macos-x86_64 | 2.4.3 | 349.00 | OK | |||
r-release-windows-x86_64 | 2.4.3 | 54.00 | 337.00 | 391.00 | OK | |
r-oldrel-macos-arm64 | 2.4.3 | 155.00 | OK | |||
r-oldrel-macos-x86_64 | 2.4.3 | 341.00 | OK | |||
r-oldrel-windows-x86_64 | 2.4.3 | 72.00 | 452.00 | 524.00 | OK |
Version: 2.4.3
Check: data for non-ASCII characters
Result: NOTE
Note: found 2 marked UTF-8 strings
Flavors: r-devel-linux-x86_64-fedora-clang, r-devel-linux-x86_64-fedora-gcc
Version: 2.4.3
Check: Rd cross-references
Result: NOTE
Found the following Rd file(s) with Rd \link{} targets missing package
anchors:
add_forests.Rd: sf, forest_mergeTrees, forest_mergeShrubs,
SpParamsMED
add_topography.Rd: sf, SpatRaster
create_management_scenario.Rd: defaultManagementArguments,
defaultManagementFunction
defaultPrescriptionsBySpecies.Rd: defaultManagementArguments
default_volume_function.Rd: forest
dispersal.Rd: sf, forest, SpParamsMED, defaultControl
example_ifn.Rd: sf
example_watershed.Rd: sf
extract_variables.Rd: sf, SpParamsMED, rast, forest, soil,
summary.forest
fire_regime_instance.Rd: sf
fordyn_scenario.Rd: sf, forest, soil, spwbInput, growthInput,
SpParamsMED, defaultControl, summary.fordyn,
defaultManagementFunction, defaultManagementArguments
forest_parametrization.Rd: sf, forest, rast, vect, forest_mergeTrees,
forest_mergeShrubs
initialize_landscape.Rd: spwb, growth, sf, forest, soil, SpParamsMED,
defaultControl, forest_reduceToDominant, spwbInput, growthInput
landscape_summary.Rd: sf, forest, soil, summary.forest
plot_summary.Rd: rast, ggplot
shinyplot_land.Rd: SpParamsMED, rast, sf
simulation_summary.Rd: spwb, growth, fordyn, summary.spwb, sf
soil_parametrization.Rd: sf, rast, vect
spwb_land.Rd: spwb_day, growth_day, SpatRaster, sf, forest, soil,
spwbInput, growthInput, SpParamsMED, defaultControl, fordyn
spwb_land_day.Rd: spwb_day, growth_day, rast, sf, SpParamsMED,
defaultControl
spwb_spatial.Rd: spwb, growth, fordyn, sf, forest, soil, spwbInput,
growthInput, SpParamsMED, defaultControl, spwb_day, growth_day,
summary.spwb, meteoland
spwb_spatial_day.Rd: spwb_day, growth_day, sf, SpParamsMED,
defaultControl
update_landscape.Rd: sf
Please provide package anchors for all Rd \link{} targets not in the
package itself and the base packages.
Flavor: r-devel-windows-x86_64