Last updated on 2024-07-18 09:52:28 CEST.
Flavor | Version | Tinstall | Tcheck | Ttotal | Status | Flags |
---|---|---|---|---|---|---|
r-devel-linux-x86_64-debian-clang | 1.2.0 | 16.02 | 133.96 | 149.98 | OK | |
r-devel-linux-x86_64-debian-gcc | 1.2.0 | 9.19 | 99.39 | 108.58 | OK | |
r-devel-linux-x86_64-fedora-clang | 1.2.0 | 179.80 | OK | |||
r-devel-linux-x86_64-fedora-gcc | 1.2.0 | 185.10 | OK | |||
r-devel-windows-x86_64 | 1.2.0 | 13.00 | 108.00 | 121.00 | NOTE | |
r-patched-linux-x86_64 | 1.2.0 | 19.92 | 122.81 | 142.73 | OK | |
r-release-linux-x86_64 | 1.2.0 | 8.56 | 127.33 | 135.89 | OK | |
r-release-macos-arm64 | 1.2.0 | 57.00 | OK | |||
r-release-macos-x86_64 | 1.2.0 | 81.00 | OK | |||
r-release-windows-x86_64 | 1.2.0 | 12.00 | 109.00 | 121.00 | OK | |
r-oldrel-macos-arm64 | 1.2.0 | 54.00 | OK | |||
r-oldrel-macos-x86_64 | 1.2.0 | 103.00 | OK | |||
r-oldrel-windows-x86_64 | 1.2.0 | 16.00 | 136.00 | 152.00 | OK |
Version: 1.2.0
Check: Rd cross-references
Result: NOTE
Found the following Rd file(s) with Rd \link{} targets missing package
anchors:
forest.metarep.Rd: forest.meta
Please provide package anchors for all Rd \link{} targets not in the
package itself and the base packages.
Flavor: r-devel-windows-x86_64