Last updated on 2024-07-18 09:52:28 CEST.
Flavor | Version | Tinstall | Tcheck | Ttotal | Status | Flags |
---|---|---|---|---|---|---|
r-devel-linux-x86_64-debian-clang | 0.1.1 | 54.99 | 269.72 | 324.71 | NOTE | |
r-devel-linux-x86_64-debian-gcc | 0.1.1 | 36.72 | 226.48 | 263.20 | NOTE | |
r-devel-linux-x86_64-fedora-clang | 0.1.1 | 380.34 | NOTE | |||
r-devel-linux-x86_64-fedora-gcc | 0.1.1 | 502.85 | NOTE | |||
r-devel-windows-x86_64 | 0.1.1 | 45.00 | 181.00 | 226.00 | NOTE | |
r-patched-linux-x86_64 | 0.1.1 | 47.28 | 404.23 | 451.51 | NOTE | |
r-release-linux-x86_64 | 0.1.1 | 49.89 | 301.62 | 351.51 | NOTE | |
r-release-macos-arm64 | 0.1.1 | 98.00 | NOTE | |||
r-release-macos-x86_64 | 0.1.1 | 146.00 | NOTE | |||
r-release-windows-x86_64 | 0.1.1 | 46.00 | 238.00 | 284.00 | NOTE | |
r-oldrel-macos-arm64 | 0.1.1 | 107.00 | NOTE | |||
r-oldrel-macos-x86_64 | 0.1.1 | 167.00 | NOTE | |||
r-oldrel-windows-x86_64 | 0.1.1 | 56.00 | 251.00 | 307.00 | NOTE |
Version: 0.1.1
Check: C++ specification
Result: NOTE
Specified C++11: please drop specification unless essential
Flavors: r-devel-linux-x86_64-debian-clang, r-devel-linux-x86_64-debian-gcc, r-devel-linux-x86_64-fedora-clang, r-devel-linux-x86_64-fedora-gcc, r-devel-windows-x86_64, r-patched-linux-x86_64, r-release-linux-x86_64, r-release-macos-arm64, r-release-macos-x86_64, r-release-windows-x86_64, r-oldrel-macos-arm64, r-oldrel-macos-x86_64, r-oldrel-windows-x86_64
Version: 0.1.1
Check: installed package size
Result: NOTE
installed size is 5.8Mb
sub-directories of 1Mb or more:
doc 2.3Mb
help 2.0Mb
libs 1.2Mb
Flavors: r-devel-windows-x86_64, r-release-macos-arm64, r-release-macos-x86_64, r-release-windows-x86_64, r-oldrel-macos-arm64, r-oldrel-macos-x86_64, r-oldrel-windows-x86_64