Last updated on 2024-07-18 09:52:29 CEST.
Flavor | Version | Tinstall | Tcheck | Ttotal | Status | Flags |
---|---|---|---|---|---|---|
r-devel-linux-x86_64-debian-clang | 1.6.1 | 28.12 | 264.75 | 292.87 | NOTE | |
r-devel-linux-x86_64-debian-gcc | 1.6.1 | 19.59 | 221.44 | 241.03 | NOTE | |
r-devel-linux-x86_64-fedora-clang | 1.6.1 | 420.82 | NOTE | |||
r-devel-linux-x86_64-fedora-gcc | 1.6.1 | 411.54 | NOTE | |||
r-devel-windows-x86_64 | 1.6.1 | 24.00 | 244.00 | 268.00 | NOTE | |
r-patched-linux-x86_64 | 1.6.1 | 19.60 | 291.33 | 310.93 | NOTE | |
r-release-linux-x86_64 | 1.6.1 | 17.90 | 292.15 | 310.05 | NOTE | |
r-release-macos-arm64 | 1.6.1 | 112.00 | NOTE | |||
r-release-macos-x86_64 | 1.6.1 | 169.00 | NOTE | |||
r-release-windows-x86_64 | 1.6.1 | 24.00 | 248.00 | 272.00 | NOTE | |
r-oldrel-macos-arm64 | 1.6.1 | 136.00 | OK | |||
r-oldrel-macos-x86_64 | 1.6.1 | 280.00 | OK | |||
r-oldrel-windows-x86_64 | 1.6.1 | 33.00 | 313.00 | 346.00 | OK |
Version: 1.6.1
Check: Rd files
Result: NOTE
checkRd: (-1) create_grouped_data_partition.Rd:60: Lost braces; missing escapes or markup?
60 | Zena Lapp, {zenalapp@umich.edu}
| ^
checkRd: (-1) create_grouped_data_partition.Rd:62: Lost braces; missing escapes or markup?
62 | Kelly Sovacool, {sovacool@umich.edu}
| ^
checkRd: (-1) create_grouped_k_multifolds.Rd:30: Lost braces; missing escapes or markup?
30 | Zena Lapp, {zenalapp@umich.edu}
| ^
checkRd: (-1) get_partition_indices.Rd:58: Lost braces; missing escapes or markup?
58 | Kelly Sovacool, {sovacool@umich.edu}
| ^
checkRd: (-1) set_hparams_glmnet.Rd:16: Lost braces; missing escapes or markup?
16 | Zena Lapp, {zenalapp@umich.edu}
| ^
Flavors: r-devel-linux-x86_64-debian-clang, r-devel-linux-x86_64-debian-gcc, r-devel-linux-x86_64-fedora-clang, r-devel-linux-x86_64-fedora-gcc, r-devel-windows-x86_64, r-patched-linux-x86_64, r-release-linux-x86_64, r-release-macos-arm64, r-release-macos-x86_64, r-release-windows-x86_64