Last updated on 2024-07-18 09:52:29 CEST.
Flavor | Version | Tinstall | Tcheck | Ttotal | Status | Flags |
---|---|---|---|---|---|---|
r-devel-linux-x86_64-debian-clang | 1.0.4 | 136.60 | 269.15 | 405.75 | OK | |
r-devel-linux-x86_64-debian-gcc | 1.0.4 | 87.42 | 264.90 | 352.32 | OK | |
r-devel-linux-x86_64-fedora-clang | 1.0.4 | 664.15 | OK | |||
r-devel-linux-x86_64-fedora-gcc | 1.0.4 | 650.44 | OK | |||
r-devel-windows-x86_64 | 1.0.4 | 105.00 | 322.00 | 427.00 | OK | |
r-patched-linux-x86_64 | 1.0.4 | 111.97 | 344.94 | 456.91 | OK | |
r-release-linux-x86_64 | 1.0.4 | 76.95 | 352.53 | 429.48 | OK | |
r-release-macos-arm64 | 1.0.4 | 188.00 | NOTE | |||
r-release-macos-x86_64 | 1.0.4 | 265.00 | NOTE | |||
r-release-windows-x86_64 | 1.0.4 | 105.00 | 322.00 | 427.00 | OK | |
r-oldrel-macos-arm64 | 1.0.4 | 192.00 | NOTE | |||
r-oldrel-macos-x86_64 | 1.0.4 | 409.00 | NOTE | |||
r-oldrel-windows-x86_64 | 1.0.4 | 130.00 | 400.00 | 530.00 | OK |
Version: 1.0.4
Check: installed package size
Result: NOTE
installed size is 6.8Mb
sub-directories of 1Mb or more:
libs 4.7Mb
Flavors: r-release-macos-arm64, r-release-macos-x86_64, r-oldrel-macos-arm64, r-oldrel-macos-x86_64