Last updated on 2024-07-18 09:52:29 CEST.
Flavor | Version | Tinstall | Tcheck | Ttotal | Status | Flags |
---|---|---|---|---|---|---|
r-devel-linux-x86_64-debian-clang | 1.5.0 | 36.00 | 548.97 | 584.97 | OK | |
r-devel-linux-x86_64-debian-gcc | 1.5.0 | 29.06 | 525.11 | 554.17 | OK | |
r-devel-linux-x86_64-fedora-clang | 1.5.0 | 931.37 | NOTE | |||
r-devel-linux-x86_64-fedora-gcc | 1.5.0 | 830.55 | NOTE | |||
r-devel-windows-x86_64 | 1.5.0 | 31.00 | 466.00 | 497.00 | NOTE | |
r-patched-linux-x86_64 | 1.5.0 | 40.83 | 678.52 | 719.35 | OK | |
r-release-linux-x86_64 | 1.5.0 | 31.72 | 681.92 | 713.64 | OK | |
r-release-macos-arm64 | 1.5.0 | 200.00 | OK | |||
r-release-macos-x86_64 | 1.5.0 | 322.00 | OK | |||
r-release-windows-x86_64 | 1.5.0 | 29.00 | 472.00 | 501.00 | OK | |
r-oldrel-macos-arm64 | 1.5.0 | 218.00 | OK | |||
r-oldrel-macos-x86_64 | 1.5.0 | 379.00 | OK | |||
r-oldrel-windows-x86_64 | 1.5.0 | 39.00 | 630.00 | 669.00 | OK |
Version: 1.5.0
Check: dependencies in R code
Result: NOTE
Namespace in Imports field not imported from: ‘mcmcr’
All declared Imports should be used.
Flavors: r-devel-linux-x86_64-fedora-clang, r-devel-linux-x86_64-fedora-gcc
Version: 1.5.0
Check: Rd cross-references
Result: NOTE
Found the following Rd file(s) with Rd \link{} targets missing package
anchors:
pic.Rd: loo-package
Please provide package anchors for all Rd \link{} targets not in the
package itself and the base packages.
Flavor: r-devel-windows-x86_64