Last updated on 2024-07-18 09:52:29 CEST.
Flavor | Version | Tinstall | Tcheck | Ttotal | Status | Flags |
---|---|---|---|---|---|---|
r-devel-linux-x86_64-debian-clang | 2.2.2 | 40.44 | 341.63 | 382.07 | OK | |
r-devel-linux-x86_64-debian-gcc | 2.2.2 | 26.12 | 384.47 | 410.59 | OK | |
r-devel-linux-x86_64-fedora-clang | 2.2.2 | 758.94 | OK | |||
r-devel-linux-x86_64-fedora-gcc | 2.2.2 | 690.93 | OK | |||
r-devel-windows-x86_64 | 2.2.2 | 33.00 | 408.00 | 441.00 | NOTE | |
r-patched-linux-x86_64 | 2.2.2 | 36.20 | 533.33 | 569.53 | OK | |
r-release-linux-x86_64 | 2.2.2 | 32.21 | 500.66 | 532.87 | OK | |
r-release-macos-arm64 | 2.2.2 | 229.00 | OK | |||
r-release-macos-x86_64 | 2.2.2 | 260.00 | OK | |||
r-release-windows-x86_64 | 2.2.2 | 31.00 | 367.00 | 398.00 | OK | |
r-oldrel-macos-arm64 | 2.2.2 | 175.00 | OK | |||
r-oldrel-macos-x86_64 | 2.2.2 | 451.00 | OK | |||
r-oldrel-windows-x86_64 | 2.2.2 | 42.00 | 545.00 | 587.00 | OK |
Version: 2.2.2
Check: Rd cross-references
Result: NOTE
Found the following Rd file(s) with Rd \link{} targets missing package
anchors:
MonteCarlo.Rd: foreach
Please provide package anchors for all Rd \link{} targets not in the
package itself and the base packages.
Flavor: r-devel-windows-x86_64