Last updated on 2024-07-18 09:52:29 CEST.
Flavor | Version | Tinstall | Tcheck | Ttotal | Status | Flags |
---|---|---|---|---|---|---|
r-devel-linux-x86_64-debian-clang | 0.8.0 | 12.28 | 170.86 | 183.14 | OK | |
r-devel-linux-x86_64-debian-gcc | 0.8.0 | 9.39 | 131.37 | 140.76 | OK | |
r-devel-linux-x86_64-fedora-clang | 0.8.0 | 267.99 | OK | |||
r-devel-linux-x86_64-fedora-gcc | 0.8.0 | 230.19 | OK | |||
r-devel-windows-x86_64 | 0.8.0 | 11.00 | 125.00 | 136.00 | NOTE | |
r-patched-linux-x86_64 | 0.8.0 | 17.07 | 165.27 | 182.34 | OK | |
r-release-linux-x86_64 | 0.8.0 | 10.58 | 167.27 | 177.85 | OK | |
r-release-macos-arm64 | 0.8.0 | 57.00 | OK | |||
r-release-macos-x86_64 | 0.8.0 | 92.00 | OK | |||
r-release-windows-x86_64 | 0.8.0 | 11.00 | 136.00 | 147.00 | OK | |
r-oldrel-macos-arm64 | 0.8.0 | 65.00 | OK | |||
r-oldrel-macos-x86_64 | 0.8.0 | 119.00 | OK | |||
r-oldrel-windows-x86_64 | 0.8.0 | 14.00 | 168.00 | 182.00 | OK |
Version: 0.8.0
Check: Rd cross-references
Result: NOTE
Found the following Rd file(s) with Rd \link{} targets missing package
anchors:
Filter.Rd: mlr_reflections
mlr_filters.Rd: Dictionary, R6Class
Please provide package anchors for all Rd \link{} targets not in the
package itself and the base packages.
Flavor: r-devel-windows-x86_64