Last updated on 2024-07-18 09:52:29 CEST.
Flavor | Version | Tinstall | Tcheck | Ttotal | Status | Flags |
---|---|---|---|---|---|---|
r-devel-linux-x86_64-debian-clang | 0.2.4 | 8.55 | 450.48 | 459.03 | OK | |
r-devel-linux-x86_64-debian-gcc | 0.2.4 | 6.66 | 334.64 | 341.30 | OK | |
r-devel-linux-x86_64-fedora-clang | 0.2.4 | 545.17 | OK | |||
r-devel-linux-x86_64-fedora-gcc | 0.2.4 | 509.35 | OK | |||
r-devel-windows-x86_64 | 0.2.4 | 12.00 | 345.00 | 357.00 | OK | |
r-patched-linux-x86_64 | 0.2.4 | 9.70 | 427.36 | 437.06 | OK | |
r-release-linux-x86_64 | 0.2.4 | 8.50 | 425.77 | 434.27 | OK | |
r-release-macos-arm64 | 0.2.4 | 200.00 | OK | |||
r-release-macos-x86_64 | 0.2.4 | 487.00 | OK | |||
r-release-windows-x86_64 | 0.2.4 | 11.00 | 378.00 | 389.00 | OK | |
r-oldrel-macos-arm64 | 0.2.4 | 9.00 | ERROR | |||
r-oldrel-macos-x86_64 | 0.2.4 | 11.00 | ERROR | |||
r-oldrel-windows-x86_64 | 0.2.4 | 14.00 | 461.00 | 475.00 | OK |
Version: 0.2.4
Check: package dependencies
Result: ERROR
Packages required and available but unsuitable versions:
'bbotk', 'mlr3tuning', 'paradox'
See section ‘The DESCRIPTION file’ in the ‘Writing R Extensions’
manual.
Flavors: r-oldrel-macos-arm64, r-oldrel-macos-x86_64