Last updated on 2024-07-18 09:52:29 CEST.
Flavor | Version | Tinstall | Tcheck | Ttotal | Status | Flags |
---|---|---|---|---|---|---|
r-devel-linux-x86_64-debian-clang | 0.13.3 | 3.47 | 134.71 | 138.18 | NOTE | |
r-devel-linux-x86_64-debian-gcc | 0.13.3 | 2.93 | 91.76 | 94.69 | NOTE | |
r-devel-linux-x86_64-fedora-clang | 0.13.3 | 162.90 | NOTE | |||
r-devel-linux-x86_64-fedora-gcc | 0.13.3 | 167.97 | NOTE | |||
r-devel-windows-x86_64 | 0.13.3 | 5.00 | 108.00 | 113.00 | NOTE | |
r-patched-linux-x86_64 | 0.13.3 | 3.63 | 126.19 | 129.82 | NOTE | |
r-release-linux-x86_64 | 0.13.3 | 3.35 | 123.85 | 127.20 | NOTE | |
r-release-macos-arm64 | 0.13.3 | 55.00 | NOTE | |||
r-release-macos-x86_64 | 0.13.3 | 88.00 | NOTE | |||
r-release-windows-x86_64 | 0.13.3 | 4.00 | 112.00 | 116.00 | NOTE | |
r-oldrel-macos-arm64 | 0.13.3 | 48.00 | NOTE | |||
r-oldrel-macos-x86_64 | 0.13.3 | 86.00 | NOTE | |||
r-oldrel-windows-x86_64 | 0.13.3 | 5.00 | 143.00 | 148.00 | NOTE |
Version: 0.13.3
Check: LazyData
Result: NOTE
'LazyData' is specified without a 'data' directory
Flavors: r-devel-linux-x86_64-debian-clang, r-devel-linux-x86_64-debian-gcc, r-devel-linux-x86_64-fedora-clang, r-devel-linux-x86_64-fedora-gcc, r-devel-windows-x86_64, r-patched-linux-x86_64, r-release-linux-x86_64, r-release-macos-arm64, r-release-macos-x86_64, r-release-windows-x86_64, r-oldrel-macos-arm64, r-oldrel-macos-x86_64, r-oldrel-windows-x86_64
Version: 0.13.3
Check: dependencies in R code
Result: NOTE
Namespaces in Imports field not imported from:
‘datasets’ ‘doParallel’ ‘parallel’
All declared Imports should be used.
Flavors: r-devel-linux-x86_64-fedora-clang, r-devel-linux-x86_64-fedora-gcc