Last updated on 2024-07-18 09:52:29 CEST.
Flavor | Version | Tinstall | Tcheck | Ttotal | Status | Flags |
---|---|---|---|---|---|---|
r-devel-linux-x86_64-debian-clang | 1.0.4 | 89.15 | 106.98 | 196.13 | NOTE | |
r-devel-linux-x86_64-debian-gcc | 1.0.4 | 59.18 | 77.85 | 137.03 | NOTE | |
r-devel-linux-x86_64-fedora-clang | 1.0.4 | 263.86 | NOTE | |||
r-devel-linux-x86_64-fedora-gcc | 1.0.4 | 277.35 | NOTE | |||
r-devel-windows-x86_64 | 1.0.4 | 73.00 | 113.00 | 186.00 | NOTE | |
r-patched-linux-x86_64 | 1.0.4 | 80.72 | 101.19 | 181.91 | NOTE | |
r-release-linux-x86_64 | 1.0.4 | 80.93 | 98.20 | 179.13 | NOTE | |
r-release-macos-arm64 | 1.0.4 | 68.00 | NOTE | |||
r-release-macos-x86_64 | 1.0.4 | 86.00 | NOTE | |||
r-release-windows-x86_64 | 1.0.4 | 72.00 | 113.00 | 185.00 | NOTE | |
r-oldrel-macos-arm64 | 1.0.4 | 77.00 | NOTE | |||
r-oldrel-macos-x86_64 | 1.0.4 | 123.00 | NOTE | |||
r-oldrel-windows-x86_64 | 1.0.4 | 90.00 | 146.00 | 236.00 | NOTE |
Version: 1.0.4
Check: C++ specification
Result: NOTE
Specified C++11: please drop specification unless essential
Flavors: r-devel-linux-x86_64-debian-clang, r-devel-linux-x86_64-debian-gcc, r-devel-linux-x86_64-fedora-clang, r-devel-linux-x86_64-fedora-gcc, r-devel-windows-x86_64, r-patched-linux-x86_64, r-release-linux-x86_64, r-release-macos-arm64, r-release-macos-x86_64, r-release-windows-x86_64, r-oldrel-macos-arm64, r-oldrel-macos-x86_64, r-oldrel-windows-x86_64
Version: 1.0.4
Check: data for non-ASCII characters
Result: NOTE
Note: found 18 marked Latin-1 strings
Flavors: r-devel-linux-x86_64-fedora-clang, r-devel-linux-x86_64-fedora-gcc