Last updated on 2024-07-18 09:52:29 CEST.
Flavor | Version | Tinstall | Tcheck | Ttotal | Status | Flags |
---|---|---|---|---|---|---|
r-devel-linux-x86_64-debian-clang | 1.5.5 | 170.40 | 594.54 | 764.94 | OK | |
r-devel-linux-x86_64-debian-gcc | 1.5.5 | 123.47 | 423.43 | 546.90 | OK | |
r-devel-linux-x86_64-fedora-clang | 1.5.5 | 720.14 | OK | |||
r-devel-linux-x86_64-fedora-gcc | 1.5.5 | 809.54 | OK | |||
r-devel-windows-x86_64 | 1.5.5 | 138.00 | 390.00 | 528.00 | NOTE | |
r-patched-linux-x86_64 | 1.5.5 | 163.49 | 567.01 | 730.50 | OK | |
r-release-linux-x86_64 | 1.5.5 | 157.88 | 560.75 | 718.63 | OK | |
r-release-macos-arm64 | 1.5.5 | 212.00 | NOTE | |||
r-release-macos-x86_64 | 1.5.5 | 348.00 | NOTE | |||
r-release-windows-x86_64 | 1.5.5 | 138.00 | 397.00 | 535.00 | OK | |
r-oldrel-macos-arm64 | 1.5.5 | 267.00 | NOTE | |||
r-oldrel-macos-x86_64 | 1.5.5 | 454.00 | NOTE | |||
r-oldrel-windows-x86_64 | 1.5.5 | 173.00 | 534.00 | 707.00 | OK |
Version: 1.5.5
Check: Rd cross-references
Result: NOTE
Found the following Rd file(s) with Rd \link{} targets missing package
anchors:
AIC.momentuHMM.Rd: quasiquotation
AICweights.Rd: quasiquotation
MIfitHMM.Rd: crwPostIS
plotSat.Rd: CRS-class
Please provide package anchors for all Rd \link{} targets not in the
package itself and the base packages.
Flavor: r-devel-windows-x86_64
Version: 1.5.5
Check: installed package size
Result: NOTE
installed size is 8.8Mb
sub-directories of 1Mb or more:
R 2.0Mb
doc 1.7Mb
libs 4.4Mb
Flavors: r-release-macos-arm64, r-release-macos-x86_64, r-oldrel-macos-arm64, r-oldrel-macos-x86_64