Last updated on 2024-07-18 09:52:29 CEST.
Flavor | Version | Tinstall | Tcheck | Ttotal | Status | Flags |
---|---|---|---|---|---|---|
r-devel-linux-x86_64-debian-clang | 0.1.4 | 12.78 | 218.85 | 231.63 | OK | |
r-devel-linux-x86_64-debian-gcc | 0.1.4 | 7.75 | 157.42 | 165.17 | OK | |
r-devel-linux-x86_64-fedora-clang | 0.1.4 | 293.19 | OK | |||
r-devel-linux-x86_64-fedora-gcc | 0.1.4 | 270.19 | OK | |||
r-devel-windows-x86_64 | 0.1.4 | 12.00 | 202.00 | 214.00 | NOTE | |
r-patched-linux-x86_64 | 0.1.4 | 20.03 | 206.05 | 226.08 | OK | |
r-release-linux-x86_64 | 0.1.4 | 7.02 | 215.05 | 222.07 | OK | |
r-release-macos-arm64 | 0.1.4 | 96.00 | OK | |||
r-release-macos-x86_64 | 0.1.4 | 130.00 | OK | |||
r-release-windows-x86_64 | 0.1.4 | 13.00 | 209.00 | 222.00 | OK | |
r-oldrel-macos-arm64 | 0.1.4 | 90.00 | OK | |||
r-oldrel-macos-x86_64 | 0.1.4 | 161.00 | OK | |||
r-oldrel-windows-x86_64 | 0.1.4 | 14.00 | 236.00 | 250.00 | OK |
Version: 0.1.4
Check: Rd cross-references
Result: NOTE
Found the following Rd file(s) with Rd \link{} targets missing package
anchors:
plot.GrangerInteraction.Rd: plot.igraph
plot.View.Rd: plot.zoo
Please provide package anchors for all Rd \link{} targets not in the
package itself and the base packages.
Flavor: r-devel-windows-x86_64