Last updated on 2024-07-18 09:52:29 CEST.
Flavor | Version | Tinstall | Tcheck | Ttotal | Status | Flags |
---|---|---|---|---|---|---|
r-devel-linux-x86_64-debian-clang | 1.0.1 | 33.94 | 39.60 | 73.54 | NOTE | |
r-devel-linux-x86_64-debian-gcc | 1.0.1 | 21.31 | 30.79 | 52.10 | NOTE | |
r-devel-linux-x86_64-fedora-clang | 1.0.1 | 113.97 | NOTE | |||
r-devel-linux-x86_64-fedora-gcc | 1.0.1 | 121.70 | NOTE | |||
r-devel-windows-x86_64 | 1.0.1 | 30.00 | 69.00 | 99.00 | NOTE | |
r-patched-linux-x86_64 | 1.0.1 | 26.25 | 37.71 | 63.96 | NOTE | |
r-release-linux-x86_64 | 1.0.1 | 27.72 | 36.72 | 64.44 | NOTE | |
r-release-macos-arm64 | 1.0.1 | 32.00 | NOTE | |||
r-release-macos-x86_64 | 1.0.1 | 58.00 | NOTE | |||
r-release-windows-x86_64 | 1.0.1 | 31.00 | 70.00 | 101.00 | NOTE | |
r-oldrel-macos-arm64 | 1.0.1 | 36.00 | NOTE | |||
r-oldrel-macos-x86_64 | 1.0.1 | 64.00 | NOTE | |||
r-oldrel-windows-x86_64 | 1.0.1 | 28.00 | 78.00 | 106.00 | NOTE |
Version: 1.0.1
Check: C++ specification
Result: NOTE
Specified C++11: please drop specification unless essential
Flavors: r-devel-linux-x86_64-debian-clang, r-devel-linux-x86_64-debian-gcc, r-devel-linux-x86_64-fedora-clang, r-devel-linux-x86_64-fedora-gcc, r-devel-windows-x86_64, r-patched-linux-x86_64, r-release-linux-x86_64, r-release-macos-arm64, r-release-macos-x86_64, r-release-windows-x86_64, r-oldrel-macos-arm64, r-oldrel-macos-x86_64, r-oldrel-windows-x86_64