Last updated on 2024-07-18 09:52:29 CEST.
Flavor | Version | Tinstall | Tcheck | Ttotal | Status | Flags |
---|---|---|---|---|---|---|
r-devel-linux-x86_64-debian-clang | 11.3.5.101 | 13.63 | 56.68 | 70.31 | OK | |
r-devel-linux-x86_64-debian-gcc | 11.3.5.101 | 11.66 | 43.18 | 54.84 | OK | |
r-devel-linux-x86_64-fedora-clang | 11.3.5.101 | 90.69 | NOTE | |||
r-devel-linux-x86_64-fedora-gcc | 11.3.5.101 | 97.06 | NOTE | |||
r-devel-windows-x86_64 | 11.3.5.101 | 12.00 | 64.00 | 76.00 | OK | |
r-patched-linux-x86_64 | 11.3.5.101 | 12.96 | 55.21 | 68.17 | OK | |
r-release-linux-x86_64 | 11.3.5.101 | 12.30 | 53.02 | 65.32 | OK | |
r-release-macos-arm64 | 11.3.5.101 | 34.00 | OK | |||
r-release-macos-x86_64 | 11.3.5.101 | 52.00 | OK | |||
r-release-windows-x86_64 | 11.3.5.101 | 13.00 | 63.00 | 76.00 | OK | |
r-oldrel-macos-arm64 | 11.3.5.101 | 36.00 | OK | |||
r-oldrel-macos-x86_64 | 11.3.5.101 | 46.00 | OK | |||
r-oldrel-windows-x86_64 | 11.3.5.101 | 16.00 | 70.00 | 86.00 | OK |
Version: 11.3.5.101
Check: dependencies in R code
Result: NOTE
Namespaces in Imports field not imported from:
‘markdown’ ‘methods’ ‘vctrs’
All declared Imports should be used.
Flavors: r-devel-linux-x86_64-fedora-clang, r-devel-linux-x86_64-fedora-gcc