Last updated on 2024-07-18 09:52:29 CEST.
Flavor | Version | Tinstall | Tcheck | Ttotal | Status | Flags |
---|---|---|---|---|---|---|
r-devel-linux-x86_64-debian-clang | 1.0.1 | 4.79 | 187.37 | 192.16 | OK | |
r-devel-linux-x86_64-debian-gcc | 1.0.1 | 4.03 | 146.38 | 150.41 | OK | |
r-devel-linux-x86_64-fedora-clang | 1.0.1 | 260.32 | NOTE | |||
r-devel-linux-x86_64-fedora-gcc | 1.0.1 | 238.75 | OK | |||
r-devel-windows-x86_64 | 1.0.1 | 5.00 | 157.00 | 162.00 | OK | |
r-patched-linux-x86_64 | 1.0.1 | 3.40 | 191.06 | 194.46 | OK | |
r-release-linux-x86_64 | 1.0.1 | 2.99 | 196.88 | 199.87 | OK | |
r-release-macos-arm64 | 1.0.1 | 90.00 | OK | |||
r-release-macos-x86_64 | 1.0.1 | 144.00 | OK | |||
r-release-windows-x86_64 | 1.0.1 | 5.00 | 161.00 | 166.00 | OK | |
r-oldrel-macos-arm64 | 1.0.1 | 61.00 | OK | |||
r-oldrel-macos-x86_64 | 1.0.1 | 139.00 | OK | |||
r-oldrel-windows-x86_64 | 1.0.1 | 7.00 | 188.00 | 195.00 | OK |
Version: 1.0.1
Check: Rd cross-references
Result: NOTE
Undeclared package ‘tidyr’ in Rd xrefs
Flavor: r-devel-linux-x86_64-fedora-clang