Last updated on 2024-07-18 09:52:30 CEST.
Flavor | Version | Tinstall | Tcheck | Ttotal | Status | Flags |
---|---|---|---|---|---|---|
r-devel-linux-x86_64-debian-clang | 2.6.26 | 150.55 | 55.90 | 206.45 | NOTE | |
r-devel-linux-x86_64-debian-gcc | 2.6.26 | 103.51 | 41.86 | 145.37 | NOTE | |
r-devel-linux-x86_64-fedora-clang | 2.6.26 | 333.65 | NOTE | |||
r-devel-linux-x86_64-fedora-gcc | 2.6.26 | 322.69 | NOTE | |||
r-patched-linux-x86_64 | 2.6.26 | 137.26 | 54.10 | 191.36 | OK | |
r-release-linux-x86_64 | 2.6.26 | 93.34 | 53.70 | 147.04 | OK | |
r-release-macos-arm64 | 2.6.26 | 85.00 | NOTE | |||
r-release-macos-x86_64 | 2.6.26 | 78.00 | NOTE | |||
r-oldrel-macos-arm64 | 2.6.26 | 75.00 | NOTE | |||
r-oldrel-macos-x86_64 | 2.6.26 | 117.00 | NOTE |
Version: 2.6.26
Check: compiled code
Result: NOTE
File ‘naryn/libs/naryn.so’:
Found non-API calls to R: ‘PRCODE’, ‘PRENV’, ‘PRVALUE’,
‘R_curErrorBuf’
Compiled code should not call non-API entry points in R.
See ‘Writing portable packages’ in the ‘Writing R Extensions’ manual,
and section ‘Moving into C API compliance’ for issues with the use of
non-API entry points.
Flavors: r-devel-linux-x86_64-debian-clang, r-devel-linux-x86_64-debian-gcc, r-devel-linux-x86_64-fedora-clang, r-devel-linux-x86_64-fedora-gcc
Version: 2.6.26
Check: installed package size
Result: NOTE
installed size is 11.1Mb
sub-directories of 1Mb or more:
libs 10.5Mb
Flavors: r-release-macos-arm64, r-release-macos-x86_64, r-oldrel-macos-arm64, r-oldrel-macos-x86_64