Last updated on 2024-07-18 09:52:30 CEST.
Flavor | Version | Tinstall | Tcheck | Ttotal | Status | Flags |
---|---|---|---|---|---|---|
r-devel-linux-x86_64-debian-clang | 2.0.48 | 17.01 | 137.02 | 154.03 | OK | |
r-devel-linux-x86_64-debian-gcc | 2.0.48 | 13.41 | 98.60 | 112.01 | OK | |
r-devel-linux-x86_64-fedora-clang | 2.0.48 | 189.12 | NOTE | |||
r-devel-linux-x86_64-fedora-gcc | 2.0.48 | 190.00 | NOTE | |||
r-devel-windows-x86_64 | 2.0.48 | 13.00 | 125.00 | 138.00 | NOTE | |
r-patched-linux-x86_64 | 2.0.48 | 21.90 | 126.18 | 148.08 | OK | |
r-release-linux-x86_64 | 2.0.48 | 9.83 | 127.31 | 137.14 | OK | |
r-release-macos-arm64 | 2.0.48 | 56.00 | OK | |||
r-release-macos-x86_64 | 2.0.48 | 79.00 | OK | |||
r-release-windows-x86_64 | 2.0.48 | 14.00 | 125.00 | 139.00 | OK | |
r-oldrel-macos-arm64 | 2.0.48 | 67.00 | OK | |||
r-oldrel-macos-x86_64 | 2.0.48 | 98.00 | OK | |||
r-oldrel-windows-x86_64 | 2.0.48 | 19.00 | 153.00 | 172.00 | OK |
Version: 2.0.48
Check: data for non-ASCII characters
Result: NOTE
Note: found 21 marked UTF-8 strings
Flavors: r-devel-linux-x86_64-fedora-clang, r-devel-linux-x86_64-fedora-gcc
Version: 2.0.48
Check: Rd cross-references
Result: NOTE
Found the following Rd file(s) with Rd \link{} targets missing package
anchors:
asGallery.Rd: network_rd3
fromIgraph.Rd: network_rd3
toIgraph.Rd: network_rd3
Please provide package anchors for all Rd \link{} targets not in the
package itself and the base packages.
Flavor: r-devel-windows-x86_64