Last updated on 2024-07-18 09:52:30 CEST.
Flavor | Version | Tinstall | Tcheck | Ttotal | Status | Flags |
---|---|---|---|---|---|---|
r-devel-linux-x86_64-debian-clang | 1.22.6 | 178.65 | 480.84 | 659.49 | OK | |
r-devel-linux-x86_64-debian-gcc | 1.22.6 | 115.00 | 344.68 | 459.68 | OK | |
r-devel-linux-x86_64-fedora-clang | 1.22.6 | 845.13 | OK | |||
r-devel-linux-x86_64-fedora-gcc | 1.22.6 | 818.15 | OK | |||
r-devel-windows-x86_64 | 1.22.6 | 131.00 | 261.00 | 392.00 | NOTE | --no-vignettes |
r-patched-linux-x86_64 | 1.22.6 | 150.38 | 446.48 | 596.86 | OK | |
r-release-linux-x86_64 | 1.22.6 | 103.63 | 443.47 | 547.10 | OK | |
r-release-macos-arm64 | 1.22.6 | 177.00 | NOTE | |||
r-release-macos-x86_64 | 1.22.6 | 252.00 | NOTE | |||
r-release-windows-x86_64 | 1.22.6 | 135.00 | 272.00 | 407.00 | NOTE | --no-vignettes |
r-oldrel-macos-arm64 | 1.22.6 | 195.00 | NOTE | |||
r-oldrel-macos-x86_64 | 1.22.6 | 361.00 | NOTE | |||
r-oldrel-windows-x86_64 | 1.22.6 | 161.00 | 325.00 | 486.00 | NOTE | --no-vignettes |
Version: 1.22.6
Flags: --no-vignettes
Check: installed package size
Result: NOTE
installed size is 5.8Mb
sub-directories of 1Mb or more:
doc 2.5Mb
libs 1.5Mb
Flavors: r-devel-windows-x86_64, r-release-windows-x86_64, r-oldrel-windows-x86_64
Version: 1.22.6
Check: installed package size
Result: NOTE
installed size is 9.9Mb
sub-directories of 1Mb or more:
doc 2.5Mb
libs 5.5Mb
Flavors: r-release-macos-arm64, r-release-macos-x86_64, r-oldrel-macos-arm64, r-oldrel-macos-x86_64