CRAN Package Check Results for Package nmw

Last updated on 2025-07-04 17:54:40 CEST.

Flavor Version Tinstall Tcheck Ttotal Status Flags
r-devel-linux-x86_64-debian-clang 0.1.5 2.57 21.88 24.45 NOTE
r-devel-linux-x86_64-debian-gcc 0.1.5 1.80 17.68 19.48 NOTE
r-devel-linux-x86_64-fedora-clang 0.1.5 37.88 OK
r-devel-linux-x86_64-fedora-gcc 0.1.5 37.59 OK
r-devel-windows-x86_64 0.1.5 5.00 51.00 56.00 OK
r-patched-linux-x86_64 0.1.5 2.55 20.54 23.09 OK
r-release-linux-x86_64 0.1.5 2.43 20.81 23.24 OK
r-release-macos-arm64 0.1.5 20.00 OK
r-release-macos-x86_64 0.1.5 30.00 OK
r-release-windows-x86_64 0.1.5 3.00 46.00 49.00 OK
r-oldrel-macos-arm64 0.1.5 16.00 OK
r-oldrel-macos-x86_64 0.1.5 25.00 OK
r-oldrel-windows-x86_64 0.1.5 3.00 42.00 45.00 OK

Check Details

Version: 0.1.5
Check: CRAN incoming feasibility
Result: NOTE Maintainer: ‘Kyun-Seop Bae <k@acr.kr>’ No Authors@R field in DESCRIPTION. Please add one, modifying Authors@R: person(given = "Kyun-Seop", family = "Bae", role = c("aut", "cre"), email = "k@acr.kr") as necessary. Flavors: r-devel-linux-x86_64-debian-clang, r-devel-linux-x86_64-debian-gcc