Last updated on 2024-07-18 09:52:30 CEST.
Flavor | Version | Tinstall | Tcheck | Ttotal | Status | Flags |
---|---|---|---|---|---|---|
r-devel-linux-x86_64-debian-clang | 0.1.0 | 3.30 | 52.93 | 56.23 | NOTE | |
r-devel-linux-x86_64-debian-gcc | 0.1.0 | 3.26 | 39.44 | 42.70 | NOTE | |
r-devel-linux-x86_64-fedora-clang | 0.1.0 | 70.76 | NOTE | |||
r-devel-linux-x86_64-fedora-gcc | 0.1.0 | 68.06 | NOTE | |||
r-devel-windows-x86_64 | 0.1.0 | 5.00 | 67.00 | 72.00 | NOTE | |
r-patched-linux-x86_64 | 0.1.0 | 3.81 | 51.66 | 55.47 | NOTE | |
r-release-linux-x86_64 | 0.1.0 | 2.81 | 50.60 | 53.41 | NOTE | |
r-release-macos-arm64 | 0.1.0 | 28.00 | NOTE | |||
r-release-macos-x86_64 | 0.1.0 | 37.00 | NOTE | |||
r-release-windows-x86_64 | 0.1.0 | 6.00 | 69.00 | 75.00 | NOTE | |
r-oldrel-macos-arm64 | 0.1.0 | 29.00 | NOTE | |||
r-oldrel-macos-x86_64 | 0.1.0 | 38.00 | NOTE | |||
r-oldrel-windows-x86_64 | 0.1.0 | 6.00 | 71.00 | 77.00 | NOTE |
Version: 0.1.0
Check: LazyData
Result: NOTE
'LazyData' is specified without a 'data' directory
Flavors: r-devel-linux-x86_64-debian-clang, r-devel-linux-x86_64-debian-gcc, r-devel-linux-x86_64-fedora-clang, r-devel-linux-x86_64-fedora-gcc, r-devel-windows-x86_64, r-patched-linux-x86_64, r-release-linux-x86_64, r-release-macos-arm64, r-release-macos-x86_64, r-release-windows-x86_64, r-oldrel-macos-arm64, r-oldrel-macos-x86_64, r-oldrel-windows-x86_64
Version: 0.1.0
Check: dependencies in R code
Result: NOTE
Namespaces in Imports field not imported from:
‘R6’ ‘crayon’ ‘digest’ ‘hash’
All declared Imports should be used.
Flavors: r-devel-linux-x86_64-fedora-clang, r-devel-linux-x86_64-fedora-gcc