Last updated on 2024-07-18 09:52:30 CEST.
Flavor | Version | Tinstall | Tcheck | Ttotal | Status | Flags |
---|---|---|---|---|---|---|
r-devel-linux-x86_64-debian-clang | 0.5-7 | 4.91 | 99.79 | 104.70 | OK | |
r-devel-linux-x86_64-debian-gcc | 0.5-7 | 2.67 | 79.91 | 82.58 | OK | |
r-devel-linux-x86_64-fedora-clang | 0.5-7 | 131.25 | OK | |||
r-devel-linux-x86_64-fedora-gcc | 0.5-7 | 122.68 | OK | |||
r-devel-windows-x86_64 | 0.5-7 | 5.00 | 108.00 | 113.00 | OK | |
r-patched-linux-x86_64 | 0.5-7 | 4.79 | 100.06 | 104.85 | OK | |
r-release-linux-x86_64 | 0.5-7 | 3.60 | 60.94 | 64.54 | NOTE | |
r-release-macos-arm64 | 0.5-7 | 62.00 | OK | |||
r-release-macos-x86_64 | 0.5-7 | 105.00 | OK | |||
r-release-windows-x86_64 | 0.5-7 | 5.00 | 108.00 | 113.00 | OK | |
r-oldrel-macos-arm64 | 0.5-7 | 54.00 | OK | |||
r-oldrel-macos-x86_64 | 0.5-7 | 115.00 | OK | |||
r-oldrel-windows-x86_64 | 0.5-7 | 6.00 | 121.00 | 127.00 | OK |
Version: 0.5-7
Check: package dependencies
Result: NOTE
Package suggested but not available for checking: ‘tidySEM’
Flavor: r-release-linux-x86_64