Last updated on 2024-07-18 09:52:30 CEST.
Flavor | Version | Tinstall | Tcheck | Ttotal | Status | Flags |
---|---|---|---|---|---|---|
r-devel-linux-x86_64-debian-clang | 1.1.0 | 6.20 | 315.30 | 321.50 | OK | |
r-devel-linux-x86_64-debian-gcc | 1.1.0 | 6.26 | 232.94 | 239.20 | OK | |
r-devel-linux-x86_64-fedora-clang | 1.1.0 | 209.19 | OK | |||
r-devel-linux-x86_64-fedora-gcc | 1.1.0 | 200.04 | OK | |||
r-devel-windows-x86_64 | 1.1.0 | 8.00 | 220.00 | 228.00 | OK | |
r-patched-linux-x86_64 | 1.0.0 | 7.48 | 297.45 | 304.93 | OK | |
r-release-linux-x86_64 | 1.1.0 | 7.61 | 305.25 | 312.86 | OK | |
r-release-macos-arm64 | 1.1.0 | 106.00 | OK | |||
r-release-macos-x86_64 | 1.1.0 | 309.00 | OK | |||
r-release-windows-x86_64 | 1.1.0 | 9.00 | 210.00 | 219.00 | OK | |
r-oldrel-macos-arm64 | 1.1.0 | 128.00 | ERROR | |||
r-oldrel-macos-x86_64 | 1.1.0 | 256.00 | ERROR | |||
r-oldrel-windows-x86_64 | 1.1.0 | 11.00 | 251.00 | 262.00 | OK |
Version: 1.1.0
Check: running R code from vignettes
Result: ERROR
Errors in running code in vignettes:
when running code in ‘nuts.Rmd’
...
2 SI036 2021 Slovenia 0.331 97.9 NA
3 SI037 2021 Slovenia 4.02 0.802 4.02
> patents %>% filter(nchar(geo) %in% c(4, 5), grepl("^EL",
+ geo)) %>% distinct(geo, .keep_all = T) %>% nuts_classify(nuts_code = "geo",
+ d .... [TRUNCATED]
When sourcing ‘nuts.R’:
Error: Data contains NUTS codes from multiple levels (2 and 3).
Execution halted
‘nuts.Rmd’ using ‘UTF-8’... failed
Flavors: r-oldrel-macos-arm64, r-oldrel-macos-x86_64