Last updated on 2024-07-18 09:52:30 CEST.
Flavor | Version | Tinstall | Tcheck | Ttotal | Status | Flags |
---|---|---|---|---|---|---|
r-devel-linux-x86_64-debian-clang | 0.5.7 | 12.52 | 141.85 | 154.37 | OK | |
r-devel-linux-x86_64-debian-gcc | 0.5.7 | 10.55 | 102.62 | 113.17 | OK | |
r-devel-linux-x86_64-fedora-clang | 0.5.7 | 201.43 | NOTE | |||
r-devel-linux-x86_64-fedora-gcc | 0.5.7 | 196.82 | NOTE | |||
r-devel-windows-x86_64 | 0.5.7 | 12.00 | 150.00 | 162.00 | OK | |
r-patched-linux-x86_64 | 0.5.7 | 9.61 | 131.41 | 141.02 | OK | |
r-release-linux-x86_64 | 0.5.7 | 11.07 | 132.70 | 143.77 | OK | |
r-release-macos-arm64 | 0.5.7 | 147.00 | OK | |||
r-release-macos-x86_64 | 0.5.7 | 207.00 | OK | |||
r-release-windows-x86_64 | 0.5.7 | 11.00 | 156.00 | 167.00 | OK | |
r-oldrel-macos-arm64 | 0.5.7 | 231.00 | OK | |||
r-oldrel-macos-x86_64 | 0.5.7 | 262.00 | OK | |||
r-oldrel-windows-x86_64 | 0.5.7 | 15.00 | 179.00 | 194.00 | OK |
Version: 0.5.7
Check: data for non-ASCII characters
Result: NOTE
Note: found 7 marked UTF-8 strings
Flavors: r-devel-linux-x86_64-fedora-clang, r-devel-linux-x86_64-fedora-gcc