Last updated on 2024-07-18 04:50:21 CEST.
Flavor | Version | Tinstall | Tcheck | Ttotal | Status | Flags |
---|---|---|---|---|---|---|
r-devel-linux-x86_64-debian-clang | 0.1-5 | 8.77 | 98.12 | 106.89 | OK | |
r-devel-linux-x86_64-debian-gcc | 0.1-5 | 9.34 | 71.12 | 80.46 | OK | |
r-devel-linux-x86_64-fedora-clang | 0.1-5 | 133.16 | OK | |||
r-devel-linux-x86_64-fedora-gcc | 0.1-5 | 124.46 | OK | |||
r-devel-windows-x86_64 | 0.1-5 | 9.00 | 82.00 | 91.00 | NOTE | |
r-patched-linux-x86_64 | 0.1-5 | 11.92 | 92.62 | 104.54 | OK | |
r-release-linux-x86_64 | 0.1-5 | 9.40 | 91.17 | 100.57 | OK | |
r-release-macos-arm64 | 0.1-5 | 39.00 | OK | |||
r-release-macos-x86_64 | 0.1-5 | 56.00 | OK | |||
r-release-windows-x86_64 | 0.1-5 | 10.00 | 85.00 | 95.00 | OK | |
r-oldrel-macos-arm64 | 0.1-5 | 43.00 | OK | |||
r-oldrel-macos-x86_64 | 0.1-5 | 70.00 | OK | |||
r-oldrel-windows-x86_64 | 0.1-5 | 12.00 | 116.00 | 128.00 | OK |
Version: 0.1-5
Check: Rd cross-references
Result: NOTE
Found the following Rd file(s) with Rd \link{} targets missing package
anchors:
mlmer.Rd: lmer
ranef.ranks.Rd: lmer
var.components.Rd: lmer
Please provide package anchors for all Rd \link{} targets not in the
package itself and the base packages.
Flavor: r-devel-windows-x86_64