Last updated on 2024-07-18 09:52:30 CEST.
Flavor | Version | Tinstall | Tcheck | Ttotal | Status | Flags |
---|---|---|---|---|---|---|
r-devel-linux-x86_64-debian-clang | 3.0.0 | 107.29 | 231.96 | 339.25 | OK | --no-vignettes |
r-devel-linux-x86_64-debian-gcc | 3.0.0 | 66.67 | 169.26 | 235.93 | OK | --no-vignettes |
r-devel-linux-x86_64-fedora-clang | 3.0.0 | 1110.70 | OK | |||
r-devel-linux-x86_64-fedora-gcc | 3.0.0 | 1072.01 | OK | |||
r-devel-windows-x86_64 | 3.0.0 | 83.00 | 570.00 | 653.00 | NOTE | |
r-patched-linux-x86_64 | 3.0.0 | 97.84 | 216.91 | 314.75 | OK | --no-vignettes |
r-release-linux-x86_64 | 3.0.0 | 89.79 | 218.49 | 308.28 | OK | --no-vignettes |
r-release-macos-arm64 | 3.0.0 | 289.00 | OK | |||
r-release-macos-x86_64 | 3.0.0 | 428.00 | OK | |||
r-release-windows-x86_64 | 3.0.0 | 82.00 | 576.00 | 658.00 | NOTE | |
r-oldrel-macos-arm64 | 3.0.0 | 342.00 | OK | |||
r-oldrel-macos-x86_64 | 3.0.0 | 458.00 | OK | |||
r-oldrel-windows-x86_64 | 3.0.0 | 100.00 | 691.00 | 791.00 | NOTE |
Version: 3.0.0
Check: C++ specification
Result: NOTE
Specified C++11: please drop specification unless essential
Flavors: r-devel-windows-x86_64, r-release-windows-x86_64, r-oldrel-windows-x86_64