Last updated on 2024-07-18 09:52:30 CEST.
Flavor | Version | Tinstall | Tcheck | Ttotal | Status | Flags |
---|---|---|---|---|---|---|
r-devel-linux-x86_64-debian-clang | 1.1.3 | 22.68 | 174.24 | 196.92 | OK | |
r-devel-linux-x86_64-debian-gcc | 1.1.3 | 13.40 | 126.46 | 139.86 | OK | |
r-devel-linux-x86_64-fedora-clang | 1.1.3 | 235.80 | NOTE | |||
r-devel-linux-x86_64-fedora-gcc | 1.1.3 | 219.37 | NOTE | |||
r-devel-windows-x86_64 | 1.1.3 | 17.00 | 152.00 | 169.00 | OK | |
r-patched-linux-x86_64 | 1.1.3 | 15.88 | 163.45 | 179.33 | OK | |
r-release-linux-x86_64 | 1.1.3 | 11.30 | 166.62 | 177.92 | OK | |
r-release-macos-arm64 | 1.1.3 | 59.00 | OK | |||
r-release-macos-x86_64 | 1.1.3 | 93.00 | OK | |||
r-release-windows-x86_64 | 1.1.3 | 18.00 | 151.00 | 169.00 | OK | |
r-oldrel-macos-arm64 | 1.1.3 | 76.00 | OK | |||
r-oldrel-macos-x86_64 | 1.1.3 | 142.00 | OK | |||
r-oldrel-windows-x86_64 | 1.1.3 | 22.00 | 188.00 | 210.00 | OK |
Version: 1.1.3
Check: data for non-ASCII characters
Result: NOTE
Note: found 42 marked UTF-8 strings
Flavors: r-devel-linux-x86_64-fedora-clang, r-devel-linux-x86_64-fedora-gcc