Last updated on 2024-07-18 09:52:30 CEST.
Flavor | Version | Tinstall | Tcheck | Ttotal | Status | Flags |
---|---|---|---|---|---|---|
r-devel-linux-x86_64-debian-clang | 2.2.12 | 5.86 | 46.90 | 52.76 | OK | |
r-devel-linux-x86_64-debian-gcc | 2.2.12 | 4.18 | 34.29 | 38.47 | OK | |
r-devel-linux-x86_64-fedora-clang | 2.2.12 | 66.48 | NOTE | |||
r-devel-linux-x86_64-fedora-gcc | 2.2.12 | 73.23 | NOTE | |||
r-devel-windows-x86_64 | 2.2.12 | 7.00 | 56.00 | 63.00 | NOTE | |
r-patched-linux-x86_64 | 2.2.12 | 8.35 | 43.76 | 52.11 | OK | |
r-release-linux-x86_64 | 2.2.12 | 6.00 | 43.13 | 49.13 | OK | |
r-release-macos-arm64 | 2.2.12 | 30.00 | OK | |||
r-release-macos-x86_64 | 2.2.12 | 43.00 | OK | |||
r-release-windows-x86_64 | 2.2.12 | 6.00 | 55.00 | 61.00 | NOTE | |
r-oldrel-macos-arm64 | 2.2.12 | 28.00 | OK | |||
r-oldrel-macos-x86_64 | 2.2.12 | 59.00 | OK | |||
r-oldrel-windows-x86_64 | 2.2.12 | 8.00 | 59.00 | 67.00 | NOTE |
Version: 2.2.12
Check: data for non-ASCII characters
Result: NOTE
Note: found 4 marked UTF-8 strings
Flavors: r-devel-linux-x86_64-fedora-clang, r-devel-linux-x86_64-fedora-gcc
Version: 2.2.12
Check: package dependencies
Result: NOTE
Package suggested but not available for checking: 'unix'
Flavors: r-devel-windows-x86_64, r-release-windows-x86_64, r-oldrel-windows-x86_64
Version: 2.2.12
Check: Rd cross-references
Result: NOTE
Found the following Rd file(s) with Rd \link{} targets missing package
anchors:
apps.Rd: install_github
Please provide package anchors for all Rd \link{} targets not in the
package itself and the base packages.
Flavor: r-devel-windows-x86_64