Last updated on 2024-07-18 09:52:30 CEST.
Flavor | Version | Tinstall | Tcheck | Ttotal | Status | Flags |
---|---|---|---|---|---|---|
r-devel-linux-x86_64-debian-clang | 1.0.4 | 255.14 | 188.70 | 443.84 | NOTE | |
r-devel-linux-x86_64-debian-gcc | 1.0.4 | 170.61 | 141.58 | 312.19 | NOTE | |
r-devel-linux-x86_64-fedora-clang | 1.0.4 | 643.02 | NOTE | |||
r-devel-linux-x86_64-fedora-gcc | 1.0.4 | 647.70 | NOTE | |||
r-devel-windows-x86_64 | 1.0.4 | 205.00 | 194.00 | 399.00 | NOTE | |
r-patched-linux-x86_64 | 1.0.4 | 224.91 | 177.47 | 402.38 | NOTE | |
r-release-linux-x86_64 | 1.0.4 | 153.37 | 180.91 | 334.28 | NOTE | |
r-release-macos-arm64 | 1.0.4 | 131.00 | NOTE | |||
r-release-macos-x86_64 | 1.0.4 | 144.00 | NOTE | |||
r-release-windows-x86_64 | 1.0.4 | 205.00 | 198.00 | 403.00 | NOTE | |
r-oldrel-macos-arm64 | 1.0.4 | 155.00 | NOTE | |||
r-oldrel-macos-x86_64 | 1.0.4 | 295.00 | NOTE | |||
r-oldrel-windows-x86_64 | 1.0.4 | 248.00 | 248.00 | 496.00 | NOTE |
Version: 1.0.4
Check: package dependencies
Result: NOTE
Package suggested but not available for checking: ‘gurobi’
Flavors: r-devel-linux-x86_64-debian-clang, r-devel-linux-x86_64-debian-gcc, r-devel-linux-x86_64-fedora-clang, r-devel-linux-x86_64-fedora-gcc, r-devel-windows-x86_64, r-patched-linux-x86_64, r-release-linux-x86_64, r-release-macos-arm64, r-release-macos-x86_64, r-release-windows-x86_64, r-oldrel-macos-x86_64, r-oldrel-windows-x86_64
Version: 1.0.4
Check: C++ specification
Result: NOTE
Specified C++11: please drop specification unless essential
Flavors: r-devel-linux-x86_64-debian-clang, r-devel-linux-x86_64-debian-gcc, r-devel-linux-x86_64-fedora-clang, r-devel-linux-x86_64-fedora-gcc, r-devel-windows-x86_64, r-patched-linux-x86_64, r-release-linux-x86_64, r-release-macos-arm64, r-release-macos-x86_64, r-release-windows-x86_64, r-oldrel-macos-arm64, r-oldrel-macos-x86_64, r-oldrel-windows-x86_64
Version: 1.0.4
Check: Rd cross-references
Result: NOTE
Found the following Rd file(s) with Rd \link{} targets missing package
anchors:
plot.ProjectProblem.Rd: ggplot
plot_feature_persistence.Rd: ggplot
Please provide package anchors for all Rd \link{} targets not in the
package itself and the base packages.
Flavor: r-devel-windows-x86_64
Version: 1.0.4
Check: installed package size
Result: NOTE
installed size is 7.8Mb
sub-directories of 1Mb or more:
libs 6.2Mb
Flavors: r-release-macos-arm64, r-release-macos-x86_64, r-oldrel-macos-arm64, r-oldrel-macos-x86_64
Version: 1.0.4
Check: package dependencies
Result: NOTE
Packages suggested but not available for checking: 'gurobi', 'lpsymphony'
Flavor: r-oldrel-macos-arm64