Last updated on 2024-07-18 09:52:31 CEST.
Flavor | Version | Tinstall | Tcheck | Ttotal | Status | Flags |
---|---|---|---|---|---|---|
r-devel-linux-x86_64-debian-clang | 1.1.3 | 55.90 | 231.26 | 287.16 | NOTE | |
r-devel-linux-x86_64-debian-gcc | 1.1.3 | 39.09 | 179.38 | 218.47 | NOTE | |
r-devel-linux-x86_64-fedora-clang | 1.1.3 | 405.50 | NOTE | |||
r-devel-linux-x86_64-fedora-gcc | 1.1.3 | 422.31 | NOTE | |||
r-devel-windows-x86_64 | 1.1.3 | 47.00 | 193.00 | 240.00 | NOTE | |
r-patched-linux-x86_64 | 1.1.3 | 46.34 | 228.83 | 275.17 | NOTE | |
r-release-linux-x86_64 | 1.1.3 | 47.61 | 227.16 | 274.77 | NOTE | |
r-release-macos-arm64 | 1.1.3 | 139.00 | NOTE | |||
r-release-macos-x86_64 | 1.1.3 | 198.00 | NOTE | |||
r-release-windows-x86_64 | 1.1.3 | 47.00 | 197.00 | 244.00 | NOTE | |
r-oldrel-macos-arm64 | 1.1.3 | 124.00 | NOTE | |||
r-oldrel-macos-x86_64 | 1.1.3 | 243.00 | NOTE | |||
r-oldrel-windows-x86_64 | 1.1.3 | 58.00 | 235.00 | 293.00 | NOTE |
Version: 1.1.3
Check: C++ specification
Result: NOTE
Specified C++11: please drop specification unless essential
Flavors: r-devel-linux-x86_64-debian-clang, r-devel-linux-x86_64-debian-gcc, r-devel-linux-x86_64-fedora-clang, r-devel-linux-x86_64-fedora-gcc, r-devel-windows-x86_64, r-patched-linux-x86_64, r-release-linux-x86_64, r-release-macos-arm64, r-release-macos-x86_64, r-release-windows-x86_64, r-oldrel-macos-arm64, r-oldrel-macos-x86_64, r-oldrel-windows-x86_64