Last updated on 2024-07-18 09:52:31 CEST.
Flavor | Version | Tinstall | Tcheck | Ttotal | Status | Flags |
---|---|---|---|---|---|---|
r-devel-linux-x86_64-debian-clang | 0.1.7 | 103.05 | 85.40 | 188.45 | NOTE | |
r-devel-linux-x86_64-debian-gcc | 0.1.7 | 66.21 | 62.57 | 128.78 | NOTE | |
r-devel-linux-x86_64-fedora-clang | 0.1.7 | 252.96 | NOTE | |||
r-devel-linux-x86_64-fedora-gcc | 0.1.7 | 286.99 | NOTE | |||
r-devel-windows-x86_64 | 0.1.7 | 78.00 | 96.00 | 174.00 | NOTE | |
r-patched-linux-x86_64 | 0.1.7 | 83.11 | 82.43 | 165.54 | NOTE | |
r-release-linux-x86_64 | 0.1.7 | 84.25 | 80.11 | 164.36 | NOTE | |
r-release-macos-arm64 | 0.1.7 | 60.00 | NOTE | |||
r-release-macos-x86_64 | 0.1.7 | 76.00 | NOTE | |||
r-release-windows-x86_64 | 0.1.7 | 77.00 | 99.00 | 176.00 | NOTE | |
r-oldrel-macos-arm64 | 0.1.7 | 73.00 | NOTE | |||
r-oldrel-macos-x86_64 | 0.1.7 | 121.00 | NOTE | |||
r-oldrel-windows-x86_64 | 0.1.7 | 99.00 | 115.00 | 214.00 | NOTE |
Version: 0.1.7
Check: C++ specification
Result: NOTE
Specified C++11: please drop specification unless essential
Flavors: r-devel-linux-x86_64-debian-clang, r-devel-linux-x86_64-debian-gcc, r-devel-linux-x86_64-fedora-clang, r-devel-linux-x86_64-fedora-gcc, r-devel-windows-x86_64, r-patched-linux-x86_64, r-release-linux-x86_64, r-release-macos-arm64, r-release-macos-x86_64, r-release-windows-x86_64, r-oldrel-macos-arm64, r-oldrel-macos-x86_64, r-oldrel-windows-x86_64