Last updated on 2024-07-18 09:52:31 CEST.
Flavor | Version | Tinstall | Tcheck | Ttotal | Status | Flags |
---|---|---|---|---|---|---|
r-devel-linux-x86_64-debian-clang | 1.0.0 | 66.97 | 100.45 | 167.42 | NOTE | |
r-devel-linux-x86_64-debian-gcc | 1.0.0 | 42.91 | 76.61 | 119.52 | NOTE | |
r-devel-linux-x86_64-fedora-clang | 1.0.0 | 231.38 | NOTE | |||
r-devel-linux-x86_64-fedora-gcc | 1.0.0 | 424.20 | NOTE | |||
r-devel-windows-x86_64 | 1.0.0 | 59.00 | 113.00 | 172.00 | NOTE | |
r-patched-linux-x86_64 | 1.0.0 | 50.57 | 96.91 | 147.48 | NOTE | |
r-release-linux-x86_64 | 1.0.0 | 49.34 | 97.98 | 147.32 | NOTE | |
r-release-macos-arm64 | 1.0.0 | 96.00 | NOTE | |||
r-release-macos-x86_64 | 1.0.0 | 178.00 | NOTE | |||
r-release-windows-x86_64 | 1.0.0 | 60.00 | 111.00 | 171.00 | NOTE | |
r-oldrel-macos-arm64 | 1.0.0 | 116.00 | NOTE | |||
r-oldrel-macos-x86_64 | 1.0.0 | 177.00 | NOTE | |||
r-oldrel-windows-x86_64 | 1.0.0 | 72.00 | 138.00 | 210.00 | NOTE |
Version: 1.0.0
Check: C++ specification
Result: NOTE
Specified C++11: please drop specification unless essential
Flavors: r-devel-linux-x86_64-debian-clang, r-devel-linux-x86_64-debian-gcc, r-devel-linux-x86_64-fedora-clang, r-devel-linux-x86_64-fedora-gcc, r-devel-windows-x86_64, r-patched-linux-x86_64, r-release-linux-x86_64, r-release-macos-arm64, r-release-macos-x86_64, r-release-windows-x86_64, r-oldrel-macos-arm64, r-oldrel-macos-x86_64, r-oldrel-windows-x86_64
Version: 1.0.0
Check: for GNU extensions in Makefiles
Result: NOTE
GNU make is a SystemRequirements.
Flavors: r-devel-linux-x86_64-debian-clang, r-devel-linux-x86_64-debian-gcc, r-devel-linux-x86_64-fedora-clang, r-devel-linux-x86_64-fedora-gcc, r-devel-windows-x86_64, r-patched-linux-x86_64, r-release-linux-x86_64, r-release-macos-arm64, r-release-macos-x86_64, r-release-windows-x86_64, r-oldrel-macos-arm64, r-oldrel-macos-x86_64, r-oldrel-windows-x86_64