CRAN Package Check Results for Package pbdSLAP

Last updated on 2025-07-27 09:50:26 CEST.

Flavor Version Tinstall Tcheck Ttotal Status Flags
r-devel-linux-x86_64-debian-clang 0.3-7 164.08 48.53 212.61 OK
r-devel-linux-x86_64-debian-gcc 0.3-7 103.59 40.91 144.50 OK
r-devel-linux-x86_64-fedora-clang 0.3-7 305.70 OK
r-devel-linux-x86_64-fedora-gcc 0.3-7 329.11 OK
r-devel-windows-x86_64 0.3-7 241.00 83.00 324.00 OK
r-patched-linux-x86_64 0.3-7 142.78 46.26 189.04 OK
r-release-linux-x86_64 0.3-7 141.94 46.02 187.96 OK
r-release-macos-arm64 0.3-7 5.00 ERROR
r-release-macos-x86_64 0.3-7 6.00 ERROR
r-release-windows-x86_64 0.3-7 263.00 80.00 343.00 OK
r-oldrel-macos-arm64 0.3-7 10.00 ERROR
r-oldrel-macos-x86_64 0.3-7 11.00 ERROR
r-oldrel-windows-x86_64 0.3-7 274.00 89.00 363.00 NOTE

Check Details

Version: 0.3-7
Check: package dependencies
Result: ERROR Package required but not available: ‘pbdMPI’ See section ‘The DESCRIPTION file’ in the ‘Writing R Extensions’ manual. Flavors: r-release-macos-arm64, r-release-macos-x86_64, r-oldrel-macos-arm64, r-oldrel-macos-x86_64

Version: 0.3-7
Check: installed package size
Result: NOTE installed size is 5.6Mb sub-directories of 1Mb or more: lib 2.9Mb libs 2.4Mb Flavor: r-oldrel-windows-x86_64