Last updated on 2024-07-18 09:52:31 CEST.
Flavor | Version | Tinstall | Tcheck | Ttotal | Status | Flags |
---|---|---|---|---|---|---|
r-devel-linux-x86_64-debian-clang | 0.1.8 | 13.99 | 416.24 | 430.23 | OK | |
r-devel-linux-x86_64-debian-gcc | 0.1.8 | 11.27 | 294.19 | 305.46 | OK | |
r-devel-linux-x86_64-fedora-clang | 0.1.8 | 527.85 | OK | |||
r-devel-linux-x86_64-fedora-gcc | 0.1.8 | 515.42 | OK | |||
r-devel-windows-x86_64 | 0.1.8 | 13.00 | 300.00 | 313.00 | NOTE | |
r-patched-linux-x86_64 | 0.1.8 | 17.24 | 411.27 | 428.51 | OK | |
r-release-linux-x86_64 | 0.1.8 | 12.39 | 403.05 | 415.44 | OK | |
r-release-macos-arm64 | 0.1.8 | 131.00 | OK | |||
r-release-macos-x86_64 | 0.1.8 | 200.00 | OK | |||
r-release-windows-x86_64 | 0.1.8 | 12.00 | 304.00 | 316.00 | OK | |
r-oldrel-macos-arm64 | 0.1.8 | 144.00 | OK | |||
r-oldrel-macos-x86_64 | 0.1.8 | 361.00 | OK | |||
r-oldrel-windows-x86_64 | 0.1.8 | 16.00 | 376.00 | 392.00 | OK |
Version: 0.1.8
Check: Rd cross-references
Result: NOTE
Found the following Rd file(s) with Rd \link{} targets missing package
anchors:
perProb.Rd: pMvdc
Please provide package anchors for all Rd \link{} targets not in the
package itself and the base packages.
Flavor: r-devel-windows-x86_64