Last updated on 2024-07-18 09:52:31 CEST.
Flavor | Version | Tinstall | Tcheck | Ttotal | Status | Flags |
---|---|---|---|---|---|---|
r-devel-linux-x86_64-debian-clang | 0.1.8 | 62.97 | 363.07 | 426.04 | OK | |
r-devel-linux-x86_64-debian-gcc | 0.1.8 | 41.45 | 261.83 | 303.28 | OK | |
r-devel-linux-x86_64-fedora-clang | 0.1.8 | 519.19 | OK | |||
r-devel-linux-x86_64-fedora-gcc | 0.1.8 | 529.64 | OK | |||
r-devel-windows-x86_64 | 0.1.8 | 36.00 | 290.00 | 326.00 | OK | |
r-patched-linux-x86_64 | 0.1.8 | 63.82 | 336.14 | 399.96 | OK | |
r-release-linux-x86_64 | 0.1.8 | 31.32 | 343.14 | 374.46 | OK | |
r-release-macos-arm64 | 0.1.8 | 199.00 | NOTE | |||
r-release-macos-x86_64 | 0.1.8 | 369.00 | NOTE | |||
r-release-windows-x86_64 | 0.1.8 | 34.00 | 287.00 | 321.00 | OK | |
r-oldrel-macos-arm64 | 0.1.8 | 135.00 | OK | |||
r-oldrel-macos-x86_64 | 0.1.8 | 269.00 | NOTE | |||
r-oldrel-windows-x86_64 | 0.1.8 | 41.00 | 338.00 | 379.00 | OK |
Version: 0.1.8
Check: installed package size
Result: NOTE
installed size is 5.4Mb
sub-directories of 1Mb or more:
R 2.0Mb
doc 1.7Mb
help 1.4Mb
Flavors: r-release-macos-arm64, r-release-macos-x86_64, r-oldrel-macos-x86_64