Last updated on 2024-07-18 09:52:31 CEST.
Flavor | Version | Tinstall | Tcheck | Ttotal | Status | Flags |
---|---|---|---|---|---|---|
r-devel-linux-x86_64-debian-clang | 0.1.1 | 10.59 | 153.60 | 164.19 | OK | |
r-devel-linux-x86_64-debian-gcc | 0.1.1 | 9.88 | 111.86 | 121.74 | OK | |
r-devel-linux-x86_64-fedora-clang | 0.1.1 | 212.63 | OK | |||
r-devel-linux-x86_64-fedora-gcc | 0.1.1 | 207.66 | OK | |||
r-devel-windows-x86_64 | 0.1.1 | 13.00 | 138.00 | 151.00 | NOTE | |
r-patched-linux-x86_64 | 0.1.1 | 18.57 | 145.00 | 163.57 | OK | |
r-release-linux-x86_64 | 0.1.1 | 12.61 | 149.55 | 162.16 | OK | |
r-release-macos-arm64 | 0.1.1 | 48.00 | NOTE | |||
r-release-macos-x86_64 | 0.1.1 | 89.00 | NOTE | |||
r-release-windows-x86_64 | 0.1.1 | 12.00 | 139.00 | 151.00 | OK | |
r-oldrel-macos-arm64 | 0.1.1 | 57.00 | NOTE | |||
r-oldrel-macos-x86_64 | 0.1.1 | 86.00 | NOTE | |||
r-oldrel-windows-x86_64 | 0.1.1 | 15.00 | 168.00 | 183.00 | OK |
Version: 0.1.1
Check: Rd cross-references
Result: NOTE
Found the following Rd file(s) with Rd \link{} targets missing package
anchors:
plot.a_res.Rd: group_box, my_lm
Please provide package anchors for all Rd \link{} targets not in the
package itself and the base packages.
Flavor: r-devel-windows-x86_64
Version: 0.1.1
Check: package dependencies
Result: NOTE
Package suggested but not available for checking: ‘ggtreeExtra’
Flavors: r-release-macos-arm64, r-release-macos-x86_64
Version: 0.1.1
Check: package dependencies
Result: NOTE
Packages suggested but not available for checking:
'phyloseq', 'phyloseqGraphTest', 'ggtreeExtra'
Flavors: r-oldrel-macos-arm64, r-oldrel-macos-x86_64