Last updated on 2024-07-18 09:52:31 CEST.
Flavor | Version | Tinstall | Tcheck | Ttotal | Status | Flags |
---|---|---|---|---|---|---|
r-devel-linux-x86_64-debian-clang | 0.4.2 | 6.37 | 137.27 | 143.64 | NOTE | |
r-devel-linux-x86_64-debian-gcc | 0.4.2 | 4.57 | 100.89 | 105.46 | NOTE | |
r-devel-linux-x86_64-fedora-clang | 0.4.2 | 176.46 | NOTE | |||
r-devel-linux-x86_64-fedora-gcc | 0.4.2 | 181.26 | NOTE | |||
r-devel-windows-x86_64 | 0.4.2 | 6.00 | 113.00 | 119.00 | NOTE | |
r-patched-linux-x86_64 | 0.4.2 | 4.09 | 132.87 | 136.96 | NOTE | |
r-release-linux-x86_64 | 0.4.2 | 3.42 | 131.06 | 134.48 | NOTE | |
r-release-macos-arm64 | 0.4.2 | 54.00 | NOTE | |||
r-release-macos-x86_64 | 0.4.2 | 154.00 | NOTE | |||
r-release-windows-x86_64 | 0.4.2 | 7.00 | 114.00 | 121.00 | NOTE | |
r-oldrel-macos-arm64 | 0.4.2 | 57.00 | NOTE | |||
r-oldrel-macos-x86_64 | 0.4.2 | 100.00 | NOTE | |||
r-oldrel-windows-x86_64 | 0.4.2 | 7.00 | 140.00 | 147.00 | NOTE |
Version: 0.4.2
Check: LazyData
Result: NOTE
'LazyData' is specified without a 'data' directory
Flavors: r-devel-linux-x86_64-debian-clang, r-devel-linux-x86_64-debian-gcc, r-devel-linux-x86_64-fedora-clang, r-devel-linux-x86_64-fedora-gcc, r-devel-windows-x86_64, r-patched-linux-x86_64, r-release-linux-x86_64, r-release-macos-arm64, r-release-macos-x86_64, r-release-windows-x86_64, r-oldrel-macos-arm64, r-oldrel-macos-x86_64, r-oldrel-windows-x86_64