Last updated on 2024-07-18 09:52:31 CEST.
Flavor | Version | Tinstall | Tcheck | Ttotal | Status | Flags |
---|---|---|---|---|---|---|
r-devel-linux-x86_64-debian-clang | 0.1.0 | 2.45 | 40.05 | 42.50 | OK | |
r-devel-linux-x86_64-debian-gcc | 0.1.0 | 1.93 | 30.90 | 32.83 | OK | |
r-devel-linux-x86_64-fedora-clang | 0.1.0 | 55.98 | NOTE | |||
r-devel-linux-x86_64-fedora-gcc | 0.1.0 | 66.81 | NOTE | |||
r-devel-windows-x86_64 | 0.1.0 | 3.00 | 55.00 | 58.00 | OK | |
r-patched-linux-x86_64 | 0.1.0 | 2.17 | 38.45 | 40.62 | OK | |
r-release-linux-x86_64 | 0.1.0 | 2.63 | 39.00 | 41.63 | OK | |
r-release-macos-arm64 | 0.1.0 | 28.00 | OK | |||
r-release-macos-x86_64 | 0.1.0 | 41.00 | OK | |||
r-release-windows-x86_64 | 0.1.0 | 3.00 | 56.00 | 59.00 | OK | |
r-oldrel-macos-arm64 | 0.1.0 | 28.00 | OK | |||
r-oldrel-macos-x86_64 | 0.1.0 | 42.00 | OK | |||
r-oldrel-windows-x86_64 | 0.1.0 | 3.00 | 55.00 | 58.00 | OK |
Version: 0.1.0
Check: data for non-ASCII characters
Result: NOTE
Note: found 6 marked UTF-8 strings
Flavors: r-devel-linux-x86_64-fedora-clang, r-devel-linux-x86_64-fedora-gcc