Last updated on 2024-07-18 09:52:31 CEST.
Flavor | Version | Tinstall | Tcheck | Ttotal | Status | Flags |
---|---|---|---|---|---|---|
r-devel-linux-x86_64-debian-clang | 1.13 | 8.33 | 32.09 | 40.42 | OK | |
r-devel-linux-x86_64-debian-gcc | 1.13 | 6.66 | 23.16 | 29.82 | OK | |
r-devel-linux-x86_64-fedora-clang | 1.13 | 48.29 | NOTE | |||
r-devel-linux-x86_64-fedora-gcc | 1.13 | 48.89 | NOTE | |||
r-devel-windows-x86_64 | 1.13 | 12.00 | 48.00 | 60.00 | OK | |
r-patched-linux-x86_64 | 1.13 | 8.29 | 30.32 | 38.61 | OK | |
r-release-linux-x86_64 | 1.13 | 7.31 | 30.17 | 37.48 | OK | |
r-release-macos-arm64 | 1.13 | 22.00 | OK | |||
r-release-macos-x86_64 | 1.13 | 29.00 | OK | |||
r-release-windows-x86_64 | 1.13 | 13.00 | 49.00 | 62.00 | OK | |
r-oldrel-macos-arm64 | 1.13 | 22.00 | OK | |||
r-oldrel-macos-x86_64 | 1.13 | 37.00 | OK | |||
r-oldrel-windows-x86_64 | 1.13 | 15.00 | 53.00 | 68.00 | OK |
Version: 1.13
Check: dependencies in R code
Result: NOTE
Namespaces in Imports field not imported from:
‘MASS’ ‘Rdpack’ ‘mclust’
All declared Imports should be used.
Flavors: r-devel-linux-x86_64-fedora-clang, r-devel-linux-x86_64-fedora-gcc