Last updated on 2024-07-18 09:52:31 CEST.
Flavor | Version | Tinstall | Tcheck | Ttotal | Status | Flags |
---|---|---|---|---|---|---|
r-devel-linux-x86_64-debian-clang | 0.3.1 | 2.66 | 31.98 | 34.64 | NOTE | |
r-devel-linux-x86_64-debian-gcc | 0.3.1 | 1.69 | 24.80 | 26.49 | NOTE | |
r-devel-linux-x86_64-fedora-clang | 0.3.1 | 44.13 | NOTE | |||
r-devel-linux-x86_64-fedora-gcc | 0.3.1 | 42.09 | NOTE | |||
r-devel-windows-x86_64 | 0.3.1 | 3.00 | 46.00 | 49.00 | NOTE | |
r-patched-linux-x86_64 | 0.3.1 | 2.50 | 31.72 | 34.22 | NOTE | |
r-release-linux-x86_64 | 0.3.1 | 2.04 | 31.12 | 33.16 | NOTE | |
r-release-macos-arm64 | 0.3.1 | 17.00 | NOTE | |||
r-release-macos-x86_64 | 0.3.1 | 24.00 | NOTE | |||
r-release-windows-x86_64 | 0.3.1 | 3.00 | 48.00 | 51.00 | NOTE | |
r-oldrel-macos-arm64 | 0.3.1 | 18.00 | NOTE | |||
r-oldrel-macos-x86_64 | 0.3.1 | 24.00 | NOTE | |||
r-oldrel-windows-x86_64 | 0.3.1 | 4.00 | 51.00 | 55.00 | NOTE |
Version: 0.3.1
Check: LazyData
Result: NOTE
'LazyData' is specified without a 'data' directory
Flavors: r-devel-linux-x86_64-debian-clang, r-devel-linux-x86_64-debian-gcc, r-devel-linux-x86_64-fedora-clang, r-devel-linux-x86_64-fedora-gcc, r-devel-windows-x86_64, r-patched-linux-x86_64, r-release-linux-x86_64, r-release-macos-arm64, r-release-macos-x86_64, r-release-windows-x86_64, r-oldrel-macos-arm64, r-oldrel-macos-x86_64, r-oldrel-windows-x86_64