Last updated on 2024-07-18 09:52:31 CEST.
Flavor | Version | Tinstall | Tcheck | Ttotal | Status | Flags |
---|---|---|---|---|---|---|
r-devel-linux-x86_64-debian-clang | 1.0.0 | 34.58 | 115.49 | 150.07 | NOTE | |
r-devel-linux-x86_64-debian-gcc | 1.0.0 | 21.45 | 86.68 | 108.13 | NOTE | |
r-devel-linux-x86_64-fedora-clang | 1.0.0 | 204.56 | NOTE | |||
r-devel-linux-x86_64-fedora-gcc | 1.0.0 | 216.21 | NOTE | |||
r-devel-windows-x86_64 | 1.0.0 | 31.00 | 125.00 | 156.00 | NOTE | |
r-patched-linux-x86_64 | 1.0.0 | 33.57 | 109.65 | 143.22 | NOTE | |
r-release-linux-x86_64 | 1.0.0 | 35.18 | 110.16 | 145.34 | NOTE | |
r-release-macos-arm64 | 1.0.0 | 54.00 | NOTE | |||
r-release-macos-x86_64 | 1.0.0 | 87.00 | NOTE | |||
r-release-windows-x86_64 | 1.0.0 | 31.00 | 125.00 | 156.00 | NOTE | |
r-oldrel-macos-arm64 | 1.0.0 | 65.00 | NOTE | |||
r-oldrel-macos-x86_64 | 1.0.0 | 115.00 | NOTE | |||
r-oldrel-windows-x86_64 | 1.0.0 | 38.00 | 147.00 | 185.00 | NOTE |
Version: 1.0.0
Check: C++ specification
Result: NOTE
Specified C++11: please drop specification unless essential
Flavors: r-devel-linux-x86_64-debian-clang, r-devel-linux-x86_64-debian-gcc, r-devel-linux-x86_64-fedora-clang, r-devel-linux-x86_64-fedora-gcc, r-devel-windows-x86_64, r-patched-linux-x86_64, r-release-linux-x86_64, r-release-macos-arm64, r-release-macos-x86_64, r-release-windows-x86_64, r-oldrel-macos-arm64, r-oldrel-macos-x86_64, r-oldrel-windows-x86_64