Last updated on 2024-07-18 09:52:31 CEST.
Flavor | Version | Tinstall | Tcheck | Ttotal | Status | Flags |
---|---|---|---|---|---|---|
r-devel-linux-x86_64-debian-clang | 2.4.4 | 38.16 | 323.42 | 361.58 | OK | |
r-devel-linux-x86_64-debian-gcc | 2.4.4 | 30.19 | 235.50 | 265.69 | OK | |
r-devel-linux-x86_64-fedora-clang | 2.4.4 | 444.04 | OK | |||
r-devel-linux-x86_64-fedora-gcc | 2.4.4 | 412.49 | OK | |||
r-devel-windows-x86_64 | 2.4.4 | 31.00 | 201.00 | 232.00 | NOTE | |
r-patched-linux-x86_64 | 2.4.4 | 44.43 | 306.53 | 350.96 | OK | |
r-release-linux-x86_64 | 2.4.4 | 33.74 | 301.05 | 334.79 | OK | |
r-release-macos-arm64 | 2.4.4 | 88.00 | OK | |||
r-release-macos-x86_64 | 2.4.4 | 152.00 | OK | |||
r-release-windows-x86_64 | 2.4.4 | 28.00 | 204.00 | 232.00 | OK | |
r-oldrel-macos-arm64 | 2.4.4 | 92.00 | OK | |||
r-oldrel-macos-x86_64 | 2.4.4 | 195.00 | OK | |||
r-oldrel-windows-x86_64 | 2.4.4 | 40.00 | 256.00 | 296.00 | OK |
Version: 2.4.4
Check: Rd cross-references
Result: NOTE
Found the following Rd file(s) with Rd \link{} targets missing package
anchors:
PhenoBP.Rd: breakpoints
Please provide package anchors for all Rd \link{} targets not in the
package itself and the base packages.
Flavor: r-devel-windows-x86_64