Last updated on 2025-05-22 13:50:59 CEST.
Flavor | Version | Tinstall | Tcheck | Ttotal | Status | Flags |
---|---|---|---|---|---|---|
r-devel-linux-x86_64-debian-clang | 0.5.1 | 2.40 | 22.59 | 24.99 | NOTE | |
r-devel-linux-x86_64-debian-gcc | 0.5.1 | 2.08 | 17.59 | 19.67 | NOTE | |
r-devel-linux-x86_64-fedora-clang | 0.5.1 | 39.91 | OK | |||
r-devel-linux-x86_64-fedora-gcc | 0.5.1 | 37.92 | OK | |||
r-devel-windows-x86_64 | 0.5.1 | 4.00 | 55.00 | 59.00 | OK | |
r-patched-linux-x86_64 | 0.5.1 | 2.42 | 21.69 | 24.11 | OK | |
r-release-linux-x86_64 | 0.5.1 | 2.10 | 21.55 | 23.65 | OK | |
r-release-macos-arm64 | 0.5.1 | 17.00 | OK | |||
r-release-macos-x86_64 | 0.5.1 | 29.00 | OK | |||
r-release-windows-x86_64 | 0.5.1 | 3.00 | 60.00 | 63.00 | OK | |
r-oldrel-macos-arm64 | 0.5.1 | 22.00 | OK | |||
r-oldrel-macos-x86_64 | 0.5.1 | 24.00 | OK | |||
r-oldrel-windows-x86_64 | 0.5.1 | 4.00 | 49.00 | 53.00 | OK |
Version: 0.5.1
Check: CRAN incoming feasibility
Result: NOTE
Maintainer: ‘January Weiner <january.weiner@gmail.com>’
No Authors@R field in DESCRIPTION.
Please add one, modifying
Authors@R: person(given = "January",
family = "Weiner",
role = c("aut", "cre"),
email = "january.weiner@gmail.com")
as necessary.
Flavors: r-devel-linux-x86_64-debian-clang, r-devel-linux-x86_64-debian-gcc