Last updated on 2024-07-18 09:52:31 CEST.
Flavor | Version | Tinstall | Tcheck | Ttotal | Status | Flags |
---|---|---|---|---|---|---|
r-devel-linux-x86_64-debian-clang | 0.2.4 | 12.68 | 105.02 | 117.70 | OK | |
r-devel-linux-x86_64-debian-gcc | 0.2.4 | 9.45 | 79.60 | 89.05 | OK | |
r-devel-linux-x86_64-fedora-clang | 0.2.4 | 155.81 | NOTE | |||
r-devel-linux-x86_64-fedora-gcc | 0.2.4 | 167.30 | NOTE | |||
r-devel-windows-x86_64 | 0.2.4 | 12.00 | 97.00 | 109.00 | OK | |
r-patched-linux-x86_64 | 0.2.4 | 13.08 | 101.37 | 114.45 | OK | |
r-release-linux-x86_64 | 0.2.4 | 8.44 | 103.18 | 111.62 | OK | |
r-release-macos-arm64 | 0.2.4 | 55.00 | OK | |||
r-release-macos-x86_64 | 0.2.4 | 83.00 | OK | |||
r-release-windows-x86_64 | 0.2.4 | 11.00 | 99.00 | 110.00 | OK | |
r-oldrel-macos-arm64 | 0.2.4 | 64.00 | OK | |||
r-oldrel-macos-x86_64 | 0.2.4 | 104.00 | OK | |||
r-oldrel-windows-x86_64 | 0.2.4 | 15.00 | 115.00 | 130.00 | OK |
Version: 0.2.4
Check: data for non-ASCII characters
Result: NOTE
Note: found 17 marked UTF-8 strings
Flavors: r-devel-linux-x86_64-fedora-clang, r-devel-linux-x86_64-fedora-gcc