Last updated on 2024-07-18 04:50:22 CEST.
Flavor | Version | Tinstall | Tcheck | Ttotal | Status | Flags |
---|---|---|---|---|---|---|
r-devel-linux-x86_64-debian-clang | 2.0.0 | 2.74 | 30.76 | 33.50 | NOTE | |
r-devel-linux-x86_64-debian-gcc | 2.0.0 | 1.79 | 24.10 | 25.89 | NOTE | |
r-devel-linux-x86_64-fedora-clang | 2.0.0 | 42.85 | NOTE | |||
r-devel-linux-x86_64-fedora-gcc | 2.0.0 | 42.79 | NOTE | |||
r-devel-windows-x86_64 | 2.0.0 | 3.00 | 45.00 | 48.00 | NOTE | |
r-patched-linux-x86_64 | 2.0.0 | 2.59 | 29.89 | 32.48 | NOTE | |
r-release-linux-x86_64 | 2.0.0 | 2.46 | 30.40 | 32.86 | NOTE | |
r-release-macos-arm64 | 2.0.0 | 18.00 | NOTE | |||
r-release-macos-x86_64 | 2.0.0 | 24.00 | NOTE | |||
r-release-windows-x86_64 | 2.0.0 | 3.00 | 46.00 | 49.00 | NOTE | |
r-oldrel-macos-arm64 | 2.0.0 | 19.00 | OK | |||
r-oldrel-macos-x86_64 | 2.0.0 | 24.00 | OK | |||
r-oldrel-windows-x86_64 | 2.0.0 | 3.00 | 48.00 | 51.00 | OK |
Version: 2.0.0
Check: Rd files
Result: NOTE
checkRd: (-1) pois.fe.robust.Rd:47: Lost braces in \itemize; meant \describe ?
checkRd: (-1) pois.fe.robust.Rd:48: Lost braces in \itemize; meant \describe ?
checkRd: (-1) pois.fe.robust.Rd:49: Lost braces in \itemize; meant \describe ?
checkRd: (-1) pois.fe.robust.Rd:50-51: Lost braces in \itemize; meant \describe ?
checkRd: (-1) pois.fe.robust.Rd:66: Lost braces in \itemize; \value handles \item{}{} directly
checkRd: (-1) pois.fe.robust.Rd:67: Lost braces in \itemize; \value handles \item{}{} directly
checkRd: (-1) pois.fe.robust.Rd:68-69: Lost braces in \itemize; \value handles \item{}{} directly
Flavors: r-devel-linux-x86_64-debian-clang, r-devel-linux-x86_64-debian-gcc, r-devel-linux-x86_64-fedora-clang, r-devel-linux-x86_64-fedora-gcc, r-devel-windows-x86_64, r-patched-linux-x86_64, r-release-linux-x86_64, r-release-macos-arm64, r-release-macos-x86_64, r-release-windows-x86_64