Last updated on 2024-07-18 09:52:31 CEST.
Flavor | Version | Tinstall | Tcheck | Ttotal | Status | Flags |
---|---|---|---|---|---|---|
r-devel-linux-x86_64-debian-clang | 1.4 | 13.51 | 303.52 | 317.03 | OK | |
r-devel-linux-x86_64-debian-gcc | 1.4 | 11.30 | 294.73 | 306.03 | OK | |
r-devel-linux-x86_64-fedora-clang | 1.4 | 484.98 | NOTE | |||
r-devel-linux-x86_64-fedora-gcc | 1.4 | 454.90 | OK | |||
r-devel-windows-x86_64 | 1.4 | 14.00 | 236.00 | 250.00 | NOTE | |
r-patched-linux-x86_64 | 1.4 | 18.00 | 356.87 | 374.87 | OK | |
r-release-linux-x86_64 | 1.4 | 13.14 | 353.16 | 366.30 | OK | |
r-release-macos-arm64 | 1.4 | 116.00 | OK | |||
r-release-macos-x86_64 | 1.4 | 187.00 | OK | |||
r-release-windows-x86_64 | 1.4 | 13.00 | 242.00 | 255.00 | OK | |
r-oldrel-macos-arm64 | 1.4 | 121.00 | OK | |||
r-oldrel-macos-x86_64 | 1.4 | 279.00 | OK | |||
r-oldrel-windows-x86_64 | 1.4 | 18.00 | 297.00 | 315.00 | OK |
Version: 1.4
Check: Rd cross-references
Result: NOTE
Undeclared package ‘modelObj’ in Rd xrefs
Flavor: r-devel-linux-x86_64-fedora-clang
Version: 1.4
Check: Rd cross-references
Result: NOTE
Found the following Rd file(s) with Rd \link{} targets missing package
anchors:
copy_policy_data.Rd: data.table
get_actions.Rd: data.table
get_history.Rd: data.table
get_id_stage.Rd: data.table
get_policy_actions.Rd: data.table
get_policy_functions.Rd: data.table
get_utility.Rd: data.table
policy.Rd: data.table
policy_data.Rd: data.table
policy_def.Rd: data.table
policy_eval.Rd: data.table
policy_learn.Rd: policy_tree
predict.nuisance_functions.Rd: data.table
sim_multi_stage.Rd: data.table
sim_two_stage.Rd: data.table
sim_two_stage_multi_actions.Rd: data.table
Please provide package anchors for all Rd \link{} targets not in the
package itself and the base packages.
Flavor: r-devel-windows-x86_64