Last updated on 2024-07-18 09:52:32 CEST.
Flavor | Version | Tinstall | Tcheck | Ttotal | Status | Flags |
---|---|---|---|---|---|---|
r-devel-linux-x86_64-debian-clang | 1.3.0 | 11.83 | 275.38 | 287.21 | OK | |
r-devel-linux-x86_64-debian-gcc | 1.3.0 | 8.42 | 189.23 | 197.65 | OK | |
r-devel-linux-x86_64-fedora-clang | 1.3.0 | 347.44 | OK | |||
r-devel-linux-x86_64-fedora-gcc | 1.3.0 | 343.96 | OK | |||
r-devel-windows-x86_64 | 1.3.0 | 10.00 | 195.00 | 205.00 | OK | |
r-patched-linux-x86_64 | 1.3.0 | 12.18 | 249.09 | 261.27 | OK | |
r-release-linux-x86_64 | 1.3.0 | 9.51 | 253.26 | 262.77 | OK | |
r-release-macos-arm64 | 1.3.0 | 85.00 | NOTE | |||
r-release-macos-x86_64 | 1.3.0 | 137.00 | OK | |||
r-release-windows-x86_64 | 1.3.0 | 11.00 | 201.00 | 212.00 | OK | |
r-oldrel-macos-arm64 | 1.3.0 | 97.00 | OK | |||
r-oldrel-macos-x86_64 | 1.3.0 | 155.00 | OK | |||
r-oldrel-windows-x86_64 | 1.3.0 | 14.00 | 228.00 | 242.00 | OK |
Version: 1.3.0
Check: installed package size
Result: NOTE
installed size is 5.0Mb
sub-directories of 1Mb or more:
data 1.1Mb
doc 3.0Mb
Flavor: r-release-macos-arm64